000
CDUS45 KTFX 200754
CLILWT


CLIMATE REPORT
NATIONAL WEATHER SERVICE GREAT FALLS MT
154 AM MDT FRI APR 20 2018


...................................

...THE LEWISTOWN MT CLIMATE SUMMARY FOR APRIL 19 2018...

CLIMATE NORMAL PERIOD 1981 TO 2010
CLIMATE RECORD PERIOD 1896 TO 2018


WEATHER ITEM   OBSERVED TIME   RECORD YEAR NORMAL DEPARTURE LAST
                VALUE   (LST)  VALUE       VALUE  FROM      YEAR
                                                  NORMAL
..................................................................
TEMPERATURE (F)
 YESTERDAY
  MAXIMUM         60    312 PM  86    1910  55      5       58
  MINIMUM         34   1215 AM   3    1951  30      4       32
  AVERAGE         47                        42      5       45

PRECIPITATION (IN)
  YESTERDAY        0.00          0.66 1899   0.05  -0.05     0.02
  MONTH TO DATE    1.31                      0.81   0.50     1.59
  SINCE OCT 1      6.03                      5.31   0.72     7.45
  SINCE JAN 1      4.03                      2.81   1.22     3.05

SNOWFALL (IN)
  YESTERDAY       MM
  SNOW DEPTH       0

DEGREE DAYS
 HEATING
  YESTERDAY       18                        23     -5       20
  MONTH TO DATE  621                       477    144      439
  SINCE MAR 1   1719                      1472    247     1321
  SINCE JUL 1   7845                      7276    569     7132

 COOLING
  YESTERDAY        0                         0      0        0
  MONTH TO DATE    0                         0      0        0
  SINCE MAR 1      0                         0      0        0
  SINCE JAN 1      0                         0      0        0
..................................................................


WIND (MPH)
  HIGHEST WIND SPEED    24   HIGHEST WIND DIRECTION     E (90)
  HIGHEST GUST SPEED    33   HIGHEST GUST DIRECTION    SE (120)
  AVERAGE WIND SPEED    15.1


SKY COVER
  AVERAGE SKY COVER 0.0


WEATHER CONDITIONS
 THE FOLLOWING WEATHER WAS RECORDED YESTERDAY.
  NO SIGNIFICANT WEATHER WAS OBSERVED.


RELATIVE HUMIDITY (PERCENT)
 HIGHEST    67          1100 PM
 LOWEST     26           400 PM
 AVERAGE    47

..........................................................


THE LEWISTOWN MT CLIMATE NORMALS FOR TODAY
                         NORMAL    RECORD    YEAR
 MAXIMUM TEMPERATURE (F)   55        84      1908
 MINIMUM TEMPERATURE (F)   30         0      1927


SUNRISE AND SUNSET
APRIL 20 2018.........SUNRISE   621 AM MDT   SUNSET   814 PM MDT
APRIL 21 2018.........SUNRISE   619 AM MDT   SUNSET   815 PM MDT


-  INDICATES NEGATIVE NUMBERS.
R  INDICATES RECORD WAS SET OR TIED.
MM INDICATES DATA IS MISSING.
T  INDICATES TRACE AMOUNT.




$$
