000
CDUS44 KMAF 262151
CLIMAF


CLIMATE REPORT
NATIONAL WEATHER SERVICE MIDLAND TX
450 PM CDT THU APR 26 2018


...................................

...THE MIDLAND CLIMATE SUMMARY FOR APRIL 26 2018...
VALID TODAY AS OF 0400 PM LOCAL TIME.

CLIMATE NORMAL PERIOD 1981 TO 2010
CLIMATE RECORD PERIOD 1930 TO 2018


WEATHER ITEM   OBSERVED TIME   RECORD YEAR NORMAL DEPARTURE LAST
                VALUE   (LST)  VALUE       VALUE  FROM      YEAR
                                                  NORMAL
..................................................................
TEMPERATURE (F)
 TODAY
  MAXIMUM         86    344 PM  97    1959  82      4       78
                                      1943
  MINIMUM         41    628 AM  37    1946  53    -12       55
  AVERAGE         64                        68     -4       67

PRECIPITATION (IN)
  TODAY            0.00          0.57 1936   0.02  -0.02     0.00
  MONTH TO DATE    T                         0.55  -0.55     2.48
  SINCE MAR 1      0.11                      1.15  -1.04     2.96
  SINCE JAN 1      0.16                      2.42  -2.26     4.80

SNOWFALL (IN)
  TODAY            0.0
  MONTH TO DATE    0.0
  SINCE MAR 1      0.0
  SINCE JUL 1      T
  SNOW DEPTH       0

DEGREE DAYS
 HEATING
  TODAY            1                         2     -1        0
  MONTH TO DATE   72                       105    -33       46
  SINCE MAR 1    221                       412   -191      162
  SINCE JUL 1   2152                      2649   -497     1662

 COOLING
  TODAY            0                         4     -4        2
  MONTH TO DATE   70                        69      1      130
  SINCE MAR 1    138                        85     53      238
  SINCE JAN 1    145                        87     58      255
..................................................................


WIND (MPH)
  HIGHEST WIND SPEED    21   HIGHEST WIND DIRECTION     S (170)
  HIGHEST GUST SPEED    26   HIGHEST GUST DIRECTION     S (170)
  AVERAGE WIND SPEED     9.1


SKY COVER
  POSSIBLE SUNSHINE  MM
  AVERAGE SKY COVER 0.0


WEATHER CONDITIONS
 THE FOLLOWING WEATHER WAS RECORDED TODAY.
  NO SIGNIFICANT WEATHER WAS OBSERVED.


RELATIVE HUMIDITY (PERCENT)
 HIGHEST    89           600 AM
 LOWEST     22           300 PM
 AVERAGE    56

..........................................................


THE MIDLAND CLIMATE NORMALS FOR TOMORROW
                         NORMAL    RECORD    YEAR
 MAXIMUM TEMPERATURE (F)   83       101      1996
 MINIMUM TEMPERATURE (F)   53        36      1946


SUNRISE AND SUNSET
APRIL 26 2018.........SUNRISE   708 AM CDT   SUNSET   826 PM CDT
APRIL 27 2018.........SUNRISE   707 AM CDT   SUNSET   826 PM CDT


-  INDICATES NEGATIVE NUMBERS.
R  INDICATES RECORD WAS SET OR TIED.
MM INDICATES DATA IS MISSING.
T  INDICATES TRACE AMOUNT.




$$
