000
CDUS43 KABR 202231
CLIMBG


CLIMATE REPORT
NATIONAL WEATHER SERVICE ABERDEEN SD
530 PM CDT FRI APR 20 2018


...................................

...THE MOBRIDGE SD CLIMATE SUMMARY FOR APRIL 20 2018...
VALID TODAY AS OF 0500 PM LOCAL TIME.

CLIMATE NORMAL PERIOD 1981 TO 2010
CLIMATE RECORD PERIOD 1911 TO 2018


WEATHER ITEM   OBSERVED TIME   RECORD YEAR NORMAL DEPARTURE LAST
                VALUE   (LST)  VALUE       VALUE  FROM      YEAR
                                                  NORMAL
..................................................................
TEMPERATURE (F)
 TODAY
  MAXIMUM         56    312 PM  93    1980  60     -4       58
  MINIMUM         32    326 AM  10    1966  34     -2       39
  AVERAGE         44                        47     -3       49

PRECIPITATION (IN)
  TODAY            0.00          2.25 1971   0.05  -0.05      T
  MONTH TO DATE    0.94                      0.80   0.14     0.48
  SINCE MAR 1      1.88                      1.70   0.18     1.10
  SINCE JAN 1      2.89                      2.43   0.46     1.86

SNOWFALL (IN)
  TODAY            0.0
  MONTH TO DATE    8.8
  SINCE OCT 1     48.4
  SINCE JUL 1     48.4
  SNOW DEPTH       0

DEGREE DAYS
 HEATING
  TODAY           21                        18      3       16
  MONTH TO DATE  691                       437    254      327
  SINCE MAR 1   1794                      1464    330     1262
  SINCE JUL 1   7664                      7439    225     6699

 COOLING
  TODAY            0                         0      0        0
  MONTH TO DATE    0                         0      0        0
  SINCE MAR 1      0                         0      0        0
  SINCE JAN 1      0                         0      0        0
..................................................................


WIND (MPH)
  HIGHEST WIND SPEED    22   HIGHEST WIND DIRECTION     S (160)
  HIGHEST GUST SPEED    44   HIGHEST GUST DIRECTION    NW (330)
  AVERAGE WIND SPEED    12.2


SKY COVER
  POSSIBLE SUNSHINE  MM
  AVERAGE SKY COVER 0.0


WEATHER CONDITIONS
 THE FOLLOWING WEATHER WAS RECORDED TODAY.
  NO SIGNIFICANT WEATHER WAS OBSERVED.


RELATIVE HUMIDITY (PERCENT)
 HIGHEST    75           200 AM
 LOWEST     43           100 PM
 AVERAGE    59

..........................................................


THE MOBRIDGE SD CLIMATE NORMALS FOR TOMORROW
                         NORMAL    RECORD    YEAR
 MAXIMUM TEMPERATURE (F)   61        95      1980
 MINIMUM TEMPERATURE (F)   35        16      1927


SUNRISE AND SUNSET
APRIL 20 2018.........SUNRISE   647 AM CDT   SUNSET   835 PM CDT
APRIL 21 2018.........SUNRISE   646 AM CDT   SUNSET   836 PM CDT


-  INDICATES NEGATIVE NUMBERS.
R  INDICATES RECORD WAS SET OR TIED.
MM INDICATES DATA IS MISSING.
T  INDICATES TRACE AMOUNT.




$$
