000
CDAK49 PAFG 280041
CLIMCG

CLIMATE REPORT
NATIONAL WEATHER SERVICE FAIRBANKS AK
441 PM AKDT SUN MAY 27 2018


...................................

...THE MCGRATH AK CLIMATE SUMMARY FOR MAY 27 2018...
VALID TODAY AS OF 0400 PM LOCAL TIME.

CLIMATE NORMAL PERIOD 1981 TO 2010
CLIMATE RECORD PERIOD 1946 TO 2018


WEATHER ITEM   OBSERVED TIME   RECORD YEAR NORMAL DEPARTURE LAST
                VALUE   (LST)  VALUE       VALUE  FROM      YEAR
                                                  NORMAL
..................................................................
TEMPERATURE (F)
 TODAY
  MAXIMUM         60    118 PM  83    2011  62     -2       56
  MINIMUM         44    349 AM  30    1964  40      4       35
                                      1955
  AVERAGE         52                        51      1       46

PRECIPITATION (IN)
  TODAY           MM             0.65 2004   0.04  MM         T
  MONTH TO DATE    0.90                      0.92  -0.02     1.00
  SINCE MAR 1      3.50                      2.47   1.03     1.38
  SINCE JAN 1      5.18                      4.50   0.68     2.58

SNOWFALL (IN)
  TODAY           MM             T    2007   0.0   MM        0.0
                                      1976
  MONTH TO DATE    T                         0.9   -0.9       T
  SINCE MAR 1     21.0                      17.3    3.7      2.6
  SINCE JUL 1     83.5                      97.3  -13.8     51.3
  SNOW DEPTH       0

DEGREE DAYS
 HEATING
  TODAY           13                        14     -1       19
  MONTH TO DATE  500                       514    -14      439
  SINCE MAR 1   2895                      3228   -333     3212
  SINCE JUL 1  11397                     13460  -2063    12970

 COOLING
  TODAY            0                         0      0        0
  MONTH TO DATE    0                         0      0        0
  SINCE MAR 1      0                         0      0        0
  SINCE JAN 1      0                         0      0        0
..................................................................


WIND (MPH)
  HIGHEST GUST SPEED    20   HIGHEST GUST DIRECTION     W (290)


SKY COVER
  AVERAGE SKY COVER 0.9


WEATHER CONDITIONS
 THE FOLLOWING WEATHER WAS RECORDED TODAY.
  LIGHT RAIN


RELATIVE HUMIDITY (PERCENT)
 HIGHEST    93
 LOWEST     57
 AVERAGE    75

..........................................................


THE MCGRATH AK CLIMATE NORMALS FOR TOMORROW
                         NORMAL    RECORD    YEAR
 MAXIMUM TEMPERATURE (F)   62        83      2013
 MINIMUM TEMPERATURE (F)   40        31      1987
                                             1978


SUNRISE AND SUNSET
MAY 27 2018...........SUNRISE   448 AM AKDT  SUNSET  1155 PM AKDT
MAY 28 2018...........SUNRISE   445 AM AKDT  SUNSET  1157 PM AKDT

-  INDICATES NEGATIVE NUMBERS.
R  INDICATES RECORD WAS SET OR TIED.
MM INDICATES DATA IS MISSING.
T  INDICATES TRACE AMOUNT.

&&

SNOW DEPTH IS MEASURED AT 3AM AKST/4AM AKDT.

----------------------------
AVAILABLE DAYLIGHT

AMOUNT OF DAYLIGHT TODAY  (HOUR:MIN)........19:07
GAIN/LOSS SINCE YESTERDAY (HOUR:MIN:SEC)....+0:05:01

$$
THR MAY 18
