000
CDUS43 KGLD 250802
CLIMCK

CLIMATE REPORT
NATIONAL WEATHER SERVICE GOODLAND
156 AM MDT WED APR 25 2018


...................................

...THE MCCOOK NE CLIMATE SUMMARY FOR APRIL 24 2018...

CLIMATE NORMAL PERIOD 1981 TO 2010
CLIMATE RECORD PERIOD 1896 TO 2018


WEATHER ITEM   OBSERVED TIME   RECORD YEAR NORMAL DEPARTURE LAST
                VALUE   (LST)  VALUE       VALUE  FROM      YEAR
                                                  NORMAL
..................................................................
TEMPERATURE (F)
 YESTERDAY
  MAXIMUM         51    357 AM  95    2012  67    -16       79
  MINIMUM         38   1159 PM  22    2013  38      0       48
  AVERAGE         45                        52     -7       64

PRECIPITATION (IN)
  YESTERDAY        0.58                      0.09   0.49     0.00
  MONTH TO DATE    1.02                      1.75  -0.73     0.03
  SINCE MAR 1      1.39                      3.11  -1.72     1.03
  SINCE JAN 1      2.90                      4.24  -1.34     1.73

..................................................................



THE MCCOOK NE CLIMATE NORMALS FOR TODAY
                         NORMAL    RECORD    YEAR
 MAXIMUM TEMPERATURE (F)   68        93      1989
 MINIMUM TEMPERATURE (F)   38        21      1910



-  INDICATES NEGATIVE NUMBERS.
R  INDICATES RECORD WAS SET OR TIED.
MM INDICATES DATA IS MISSING.
T  INDICATES TRACE AMOUNT.




$$
