000
CDUS43 KDMX 190653 RRA
CLIMCW

CLIMATE REPORT
NATIONAL WEATHER SERVICE DES MOINES IA
153 AM CDT THU APR 19 2018

...................................

...THE MASON CITY IA CLIMATE SUMMARY FOR APRIL 18 2018...

CLIMATE NORMAL PERIOD 1981 TO 2010
CLIMATE RECORD PERIOD 1893 TO 2018


WEATHER ITEM   OBSERVED TIME   RECORD YEAR NORMAL DEPARTURE LAST
                VALUE   (LST)  VALUE       VALUE  FROM      YEAR
                                                  NORMAL
..................................................................
TEMPERATURE (F)
 YESTERDAY
  MAXIMUM         33    326 PM  93    1985  60    -27       67
  MINIMUM         28    930 AM  18    1953  36     -8       48
  AVERAGE         31                        48    -17       58

PRECIPITATION (IN)
  YESTERDAY        0.30          1.24 1978   0.13   0.17     0.14
  MONTH TO DATE    3.65                      2.11   1.54     2.20
  SINCE MAR 1      5.79                      4.34   1.45     4.11
  SINCE JAN 1      8.34                      6.16   2.18     8.10

SNOWFALL (IN)
  YESTERDAY        7.5 R         2.0  1939   0.1    7.4      0.0
  MONTH TO DATE   25.5                       2.1   23.4      0.0
  SINCE MAR 1     44.0                       8.1   35.9      8.5
  SINCE JUL 1     64.4                      40.6   23.8     47.9
  SNOW DEPTH       1

DEGREE DAYS
 HEATING
  YESTERDAY       34                        17     17        7
  MONTH TO DATE  670                       380    290      252
  SINCE MAR 1   1733                      1374    359     1270
  SINCE JUL 1   7491                      7225    266     6182

 COOLING
  YESTERDAY        0                         0      0        0
  MONTH TO DATE    0                         0      0        0
  SINCE MAR 1      0                         0      0        0
  SINCE JAN 1      0                         0      0        0
..................................................................


WIND (MPH)
  HIGHEST WIND SPEED    22   HIGHEST WIND DIRECTION    NE (60)
  HIGHEST GUST SPEED    27   HIGHEST GUST DIRECTION    NE (60)
  AVERAGE WIND SPEED    12.9


SKY COVER
  POSSIBLE SUNSHINE  MM
  AVERAGE SKY COVER 0.8


WEATHER CONDITIONS
 THE FOLLOWING WEATHER WAS RECORDED YESTERDAY.
  THUNDERSTORM
  HEAVY SNOW
  SNOW
  LIGHT SNOW
  FOG
  FOG W/VISIBILITY <= 1/4 MILE


RELATIVE HUMIDITY (PERCENT)
 HIGHEST   100          1100 AM
 LOWEST     72          1200 AM
 AVERAGE    86

..........................................................


THE MASON CITY IA CLIMATE NORMALS FOR TODAY
                         NORMAL    RECORD    YEAR
 MAXIMUM TEMPERATURE (F)   60        87      1985
 MINIMUM TEMPERATURE (F)   36        18      1988


SUNRISE AND SUNSET
APRIL 19 2018.........SUNRISE   625 AM CDT   SUNSET   801 PM CDT
APRIL 20 2018.........SUNRISE   623 AM CDT   SUNSET   802 PM CDT


-  INDICATES NEGATIVE NUMBERS.
R  INDICATES RECORD WAS SET OR TIED.
MM INDICATES DATA IS MISSING.
T  INDICATES TRACE AMOUNT.

$$

SMALL
