000
CDUS41 KCLE 232113
CLIMFD


CLIMATE REPORT
NATIONAL WEATHER SERVICE CLEVELAND OH
511 PM EDT WED MAY 23 2018


...................................

...THE MANSFIELD OH CLIMATE SUMMARY FOR MAY 23 2018...
VALID TODAY AS OF 0500 PM LOCAL TIME.

CLIMATE NORMAL PERIOD 1981 TO 2010
CLIMATE RECORD PERIOD 1916 TO 2018


WEATHER ITEM   OBSERVED TIME   RECORD YEAR NORMAL DEPARTURE LAST
                VALUE   (LST)  VALUE       VALUE  FROM      YEAR
                                                  NORMAL
..................................................................
TEMPERATURE (F)
 TODAY
  MAXIMUM         75    350 PM  90    1921  71      4       73
  MINIMUM         53    526 AM  30    1963  50      3       49
  AVERAGE         64                        61      3       61

PRECIPITATION (IN)
  TODAY            0.00                      0.16  -0.16     0.00
  MONTH TO DATE    3.35                      3.25   0.10     4.41
  SINCE MAR 1     11.20                     10.78   0.42    12.17
  SINCE JAN 1     18.35                     16.04   2.31    20.03

SNOWFALL (IN)
  TODAY            0.0                       0.0    0.0      0.0
  MONTH TO DATE    0.0                       0.0    0.0      0.0
  SINCE MAR 1     16.3                      10.4    5.9     15.0
  SINCE JUL 1     46.3                      48.3   -2.0     36.6
  SNOW DEPTH       0

DEGREE DAYS
 HEATING
  TODAY            1                         6     -5        4
  MONTH TO DATE   41                       193   -152      211
  SINCE MAR 1   1639                      1553     86     1316
  SINCE JUL 1   5959                      6178   -219     4986

 COOLING
  TODAY            0                         2     -2        0
  MONTH TO DATE   38                        20     18       29
  SINCE MAR 1     43                        28     15       47
  SINCE JAN 1     44                        28     16       47
..................................................................


WIND (MPH)
  HIGHEST WIND SPEED    14   HIGHEST WIND DIRECTION     N (10)
  HIGHEST GUST SPEED    19   HIGHEST GUST DIRECTION     N (10)


SKY COVER
  POSSIBLE SUNSHINE  MM
  AVERAGE SKY COVER 0.4


WEATHER CONDITIONS
 THE FOLLOWING WEATHER WAS RECORDED TODAY.
  FOG


RELATIVE HUMIDITY (PERCENT)
 HIGHEST   100           500 AM
 LOWEST     49           200 PM
 AVERAGE    75

..........................................................


THE MANSFIELD OH CLIMATE NORMALS FOR TOMORROW
                         NORMAL    RECORD    YEAR
 MAXIMUM TEMPERATURE (F)   72        85      2007
 MINIMUM TEMPERATURE (F)   51        32      1945


SUNRISE AND SUNSET
MAY 23 2018...........SUNRISE   606 AM EDT   SUNSET   848 PM EDT
MAY 24 2018...........SUNRISE   605 AM EDT   SUNSET   849 PM EDT


-  INDICATES NEGATIVE NUMBERS.
R  INDICATES RECORD WAS SET OR TIED.
MM INDICATES DATA IS MISSING.
T  INDICATES TRACE AMOUNT.




$$
