000
CDUS44 KBMX 232117
CLIMGM


CLIMATE REPORT
NATIONAL WEATHER SERVICE BIRMINGHAM, AL
417 PM CDT WED MAY 23 2018


...................................

...THE MONTGOMERY CLIMATE SUMMARY FOR MAY 23 2018...
VALID TODAY AS OF 0400 PM LOCAL TIME.

CLIMATE NORMAL PERIOD 1981 TO 2010
CLIMATE RECORD PERIOD 1872 TO 2018


WEATHER ITEM   OBSERVED TIME   RECORD YEAR NORMAL DEPARTURE LAST
                VALUE   (LST)  VALUE       VALUE  FROM      YEAR
                                                  NORMAL
..................................................................
TEMPERATURE (F)
 TODAY
  MAXIMUM         89    140 PM  96    1941  86      3       78
  MINIMUM         71    524 AM  44    1883  63      8       68
  AVERAGE         80                        74      6       73

PRECIPITATION (IN)
  TODAY            T             1.89 1955   0.11  -0.11     1.24
  MONTH TO DATE    0.92                      2.66  -1.74    12.05
  SINCE MAR 1      8.06                     12.63  -4.57    18.53
  SINCE JAN 1     17.05                     22.56  -5.51    33.23

DEGREE DAYS
 COOLING
  TODAY           15                         9      6        8
  MONTH TO DATE  246                       153     93      186
  SINCE MAR 1    311                       248     63      455
  SINCE JAN 1    376                       254    122      501
..................................................................


WIND (MPH)
  HIGHEST WIND SPEED    14   HIGHEST WIND DIRECTION     W (290)
  HIGHEST GUST SPEED    17   HIGHEST GUST DIRECTION     W (290)
  AVERAGE WIND SPEED     4.8


SKY COVER
  AVERAGE SKY COVER 0.3


WEATHER CONDITIONS
 THE FOLLOWING WEATHER WAS RECORDED TODAY.
  THUNDERSTORM
  LIGHT RAIN
  FOG


RELATIVE HUMIDITY (PERCENT)
 HIGHEST   100           200 AM
 LOWEST     59           200 PM
 AVERAGE    80

..........................................................


THE MONTGOMERY CLIMATE NORMALS FOR TOMORROW
                         NORMAL    RECORD    YEAR
 MAXIMUM TEMPERATURE (F)   86        96      1996
 MINIMUM TEMPERATURE (F)   63        47      1892


SUNRISE AND SUNSET
MAY 23 2018...........SUNRISE   543 AM CDT   SUNSET   742 PM CDT
MAY 24 2018...........SUNRISE   543 AM CDT   SUNSET   743 PM CDT


-  INDICATES NEGATIVE NUMBERS.
R  INDICATES RECORD WAS SET OR TIED.
MM INDICATES DATA IS MISSING.
T  INDICATES TRACE AMOUNT.




$$
