000
CDUS41 KPBZ 252113
CLIMGW


CLIMATE REPORT
NATIONAL WEATHER SERVICE PITTSBURGH PA
512 PM EDT WED APR 25 2018


...................................

...THE MORGANTOWN WV CLIMATE SUMMARY FOR APRIL 25 2018...
VALID TODAY AS OF 0500 PM LOCAL TIME.

CLIMATE NORMAL PERIOD 1981 TO 2010
CLIMATE RECORD PERIOD 1872 TO 2018


WEATHER ITEM   OBSERVED TIME   RECORD YEAR NORMAL DEPARTURE LAST
                VALUE   (LST)  VALUE       VALUE  FROM      YEAR
                                                  NORMAL
..................................................................
TEMPERATURE (F)
 TODAY
  MAXIMUM         62   1234 PM  90    1925  67     -5       64
  MINIMUM         51    625 AM  26    1956  44      7       51
  AVERAGE         57                        56      1       58

PRECIPITATION (IN)
  TODAY            T             2.00 1937   0.12  -0.12     0.01
  MONTH TO DATE    5.68                      2.93   2.75     4.53
  SINCE JUN 1     44.23                     36.63   7.60    46.12
  SINCE JAN 1     17.90                     11.99   5.91    16.71

DEGREE DAYS
 HEATING
  TODAY            8                        10     -2        7
  MONTH TO DATE  444                       335    109      194
  SINCE MAR 1   1306                      1047    259      852
  SINCE JUL 1   4928                      4936     -8     3865

 COOLING
  TODAY            0                         1     -1        0
  MONTH TO DATE   19                         7     12       18
  SINCE MAR 1     19                         9     10       20
  SINCE JAN 1     24                         9     15       23
..................................................................


WIND (MPH)
  RESULTANT WIND SPEED   2   RESULTANT WIND DIRECTION  NW (310)
  HIGHEST WIND SPEED    10   HIGHEST WIND DIRECTION    NW (300)
  HIGHEST GUST SPEED    15   HIGHEST GUST DIRECTION     W (290)
  AVERAGE WIND SPEED     2.6


SKY COVER
  POSSIBLE SUNSHINE  MM
  AVERAGE SKY COVER 0.9


WEATHER CONDITIONS
 THE FOLLOWING WEATHER WAS RECORDED TODAY.
  FOG
  HAZE


RELATIVE HUMIDITY (PERCENT)
 HIGHEST    86           400 PM
 LOWEST     64           100 PM
 AVERAGE    75

..........................................................


THE MORGANTOWN WV CLIMATE NORMALS FOR TOMORROW
                         NORMAL    RECORD    YEAR
 MAXIMUM TEMPERATURE (F)   68        88      1921
                                             1915
 MINIMUM TEMPERATURE (F)   45        25      1972


SUNRISE AND SUNSET
APRIL 25 2018.........SUNRISE   628 AM EDT   SUNSET   808 PM EDT
APRIL 26 2018.........SUNRISE   627 AM EDT   SUNSET   809 PM EDT


-  INDICATES NEGATIVE NUMBERS.
R  INDICATES RECORD WAS SET OR TIED.
MM INDICATES DATA IS MISSING.
T  INDICATES TRACE AMOUNT.




$$
