426
CDUS46 KMFR 250837
CLIMHS


CLIMATE REPORT
NATIONAL WEATHER SERVICE MEDFORD, OR
137 AM PDT FRI MAY 25 2018


...................................

...THE MT SHASTA CITY CA CLIMATE SUMMARY FOR MAY 24 2018...

CLIMATE NORMAL PERIOD 1981 TO 2010
CLIMATE RECORD PERIOD 1908 TO 2018


WEATHER ITEM   OBSERVED TIME   RECORD YEAR NORMAL DEPARTURE LAST
                VALUE   (LST)  VALUE       VALUE  FROM      YEAR
                                                  NORMAL
..................................................................
TEMPERATURE (F)
 YESTERDAY
  MAXIMUM         80    153 PM  90    1992  71      9       80
  MINIMUM         47    532 AM  26    1953  42      5       50
  AVERAGE         64                        56      8       65

PRECIPITATION (IN)
  YESTERDAY        0.00          0.94 1960   0.07  -0.07     0.00
  MONTH TO DATE    1.34                      1.73  -0.39     0.17
  SINCE OCT 1     19.64                     40.12 -20.48    58.11
  SINCE JAN 1     13.81                     24.91 -11.10    36.95

SNOWFALL (IN)
  YESTERDAY       MM                         0.0   MM       MM
  MONTH TO DATE    0.0                       0.3   -0.3     MM
  SINCE JUL 1      0.0                      91.8  -91.8     MM
  SNOW DEPTH      MM

DEGREE DAYS
 HEATING
  YESTERDAY        1                         9     -8        0
  MONTH TO DATE  150                       278   -128      213
  SINCE MAR 1   1425                      1518    -93     1393
  SINCE JUL 1   5023                      5493   -470     5290

 COOLING
  YESTERDAY        0                         0      0        0
  MONTH TO DATE    0                         0      0       10
  SINCE MAR 1      0                         0      0       10
  SINCE JAN 1      0                         0      0       10
..................................................................


WIND (MPH)
  HIGHEST WIND SPEED     7   HIGHEST WIND DIRECTION    SE (130)
  HIGHEST GUST SPEED    12   HIGHEST GUST DIRECTION    SE (130)
  AVERAGE WIND SPEED     1.6


SKY COVER
  POSSIBLE SUNSHINE  MM
  AVERAGE SKY COVER 0.1


WEATHER CONDITIONS
 THE FOLLOWING WEATHER WAS RECORDED YESTERDAY.
  FOG


RELATIVE HUMIDITY (PERCENT)
 HIGHEST   100           500 AM
 LOWEST     29           600 PM

..........................................................


THE MT SHASTA CITY CA CLIMATE NORMALS FOR TODAY
                         NORMAL    RECORD    YEAR
 MAXIMUM TEMPERATURE (F)   72        89      1982
 MINIMUM TEMPERATURE (F)   42        30      1945


SUNRISE AND SUNSET
MAY 25 2018...........SUNRISE   542 AM PDT   SUNSET   831 PM PDT
MAY 26 2018...........SUNRISE   542 AM PDT   SUNSET   831 PM PDT


-  INDICATES NEGATIVE NUMBERS.
R  INDICATES RECORD WAS SET OR TIED.
MM INDICATES DATA IS MISSING.
T  INDICATES TRACE AMOUNT.




$$
