000
CDUS42 KMFL 222035
CLIMIA


CLIMATE REPORT
NATIONAL WEATHER SERVICE MIAMI, FL
434 PM EDT SUN APR 22 2018


...................................

...THE MIAMI CLIMATE SUMMARY FOR APRIL 22 2018...
VALID TODAY AS OF 0400 PM LOCAL TIME.

CLIMATE NORMAL PERIOD 1981 TO 2010
CLIMATE RECORD PERIOD 1895 TO 2018


WEATHER ITEM   OBSERVED TIME   RECORD YEAR NORMAL DEPARTURE LAST
                VALUE   (LST)  VALUE       VALUE  FROM      YEAR
                                                  NORMAL
..................................................................
TEMPERATURE (F)
 TODAY
  MAXIMUM         86    123 PM  91    1908  84      2       83
  MINIMUM         73    747 AM  45    1940  69      4       74
  AVERAGE         80                        77      3       79

PRECIPITATION (IN)
  TODAY            0.33          2.43 1924   0.11   0.22      T
  MONTH TO DATE    1.61                      2.33  -0.72     0.08
  SINCE NOV 1      8.25                     14.51  -6.26    11.98
  SINCE JAN 1      3.18                      9.20  -6.02     8.71

SNOWFALL (IN)
  TODAY            0.0
  MONTH TO DATE    0.0
  SINCE MAR 1      0.0
  SINCE JUL 1      0.0
  SNOW DEPTH       0

DEGREE DAYS
 HEATING
  TODAY            0                         0      0        0
  MONTH TO DATE    0                         0      0        0
  SINCE MAR 1      7                        11     -4        3
  SINCE JUL 1     85                       127    -42       17

 COOLING
  TODAY           15                        12      3       14
  MONTH TO DATE  269                       226     43      272
  SINCE MAR 1    461                       473    -12      543
  SINCE JAN 1    942                       795    147     1037
..................................................................


WIND (MPH)
  HIGHEST WIND SPEED    21   HIGHEST WIND DIRECTION    SE (120)
  HIGHEST GUST SPEED    26   HIGHEST GUST DIRECTION     E (110)
  AVERAGE WIND SPEED    10.6


SKY COVER
  AVERAGE SKY COVER 0.8


WEATHER CONDITIONS
 THE FOLLOWING WEATHER WAS RECORDED TODAY.
  THUNDERSTORM
  HEAVY RAIN
  LIGHT RAIN
  FOG
  HAZE


RELATIVE HUMIDITY (PERCENT)
 HIGHEST    94
 LOWEST     61
 AVERAGE    78

..........................................................


THE MIAMI CLIMATE NORMALS FOR TOMORROW
                         NORMAL    RECORD    YEAR
 MAXIMUM TEMPERATURE (F)   84        91      2002
                                             1991
 MINIMUM TEMPERATURE (F)   69        51      1940
                                             1901


SUNRISE AND SUNSET
APRIL 22 2018.........SUNRISE   652 AM EDT   SUNSET   748 PM EDT
APRIL 23 2018.........SUNRISE   651 AM EDT   SUNSET   748 PM EDT


-  INDICATES NEGATIVE NUMBERS.
R  INDICATES RECORD WAS SET OR TIED.
MM INDICATES DATA IS MISSING.
T  INDICATES TRACE AMOUNT.




$$
