000
CDUS44 KMEG 220637
CLIMKL


CLIMATE REPORT
NATIONAL WEATHER SERVICE MEMPHIS TN
136 AM CDT SUN APR 22 2018


...................................

...THE JACKSON CLIMATE SUMMARY FOR APRIL 21 2018...

CLIMATE NORMAL PERIOD 1981 TO 2010
CLIMATE RECORD PERIOD 1948 TO 2018


WEATHER ITEM   OBSERVED TIME   RECORD YEAR NORMAL DEPARTURE LAST
                VALUE   (LST)  VALUE       VALUE  FROM      YEAR
                                                  NORMAL
..................................................................
TEMPERATURE (F)
 YESTERDAY
  MAXIMUM         76    316 PM  95    1987  74      2       73
  MINIMUM         47    533 AM  31    1953  50     -3       57
  AVERAGE         62                        62      0       65

PRECIPITATION (IN)
  YESTERDAY        0.00          3.46 1951   0.17  -0.17     0.71
  MONTH TO DATE    3.13                      3.32  -0.19     2.34
  SINCE MAR 1      7.59                      8.07  -0.48    10.01
  SINCE JAN 1     26.30                     16.31   9.99    14.84

DEGREE DAYS
 HEATING
  YESTERDAY        3                         5     -2        0
  MONTH TO DATE  262                       160    102       47
  SINCE MAR 1    697                       604     93      406
  SINCE JUL 1   3440                      3488    -48     2446

 COOLING
  YESTERDAY        0                         2     -2        0
  MONTH TO DATE   14                        28    -14       62
  SINCE MAR 1     15                        38    -23       75
  SINCE JAN 1     33                        39     -6       77
..................................................................


WIND (MPH)
  HIGHEST WIND SPEED    16   HIGHEST WIND DIRECTION     S (160)
  HIGHEST GUST SPEED    24   HIGHEST GUST DIRECTION    SE (150)
  AVERAGE WIND SPEED     6.3


SKY COVER
  POSSIBLE SUNSHINE  MM
  AVERAGE SKY COVER 0.0


WEATHER CONDITIONS
 THE FOLLOWING WEATHER WAS RECORDED YESTERDAY.
  NO SIGNIFICANT WEATHER WAS OBSERVED.


RELATIVE HUMIDITY (PERCENT)
 HIGHEST    56           400 AM
 LOWEST     21           200 PM
 AVERAGE    39

..........................................................


THE JACKSON CLIMATE NORMALS FOR TODAY
                         NORMAL    RECORD    YEAR
 MAXIMUM TEMPERATURE (F)   74        89      1980
 MINIMUM TEMPERATURE (F)   50        32      1993


SUNRISE AND SUNSET
APRIL 22 2018.........SUNRISE   614 AM CDT   SUNSET   735 PM CDT
APRIL 23 2018.........SUNRISE   613 AM CDT   SUNSET   736 PM CDT


-  INDICATES NEGATIVE NUMBERS.
R  INDICATES RECORD WAS SET OR TIED.
MM INDICATES DATA IS MISSING.
T  INDICATES TRACE AMOUNT.




$$
