000
CDUS41 KCAR 262045
CLIMLT


CLIMATE REPORT
NATIONAL WEATHER SERVICE CARIBOU, ME
445 PM EDT THU APR 26 2018


...................................

...THE MILLINOCKET ME CLIMATE SUMMARY FOR APRIL 26 2018...
VALID TODAY AS OF 0400 PM LOCAL TIME.

CLIMATE NORMAL PERIOD 1981 TO 2010
CLIMATE RECORD PERIOD 1903 TO 2018


WEATHER ITEM   OBSERVED TIME   RECORD YEAR NORMAL DEPARTURE LAST
                VALUE   (LST)  VALUE       VALUE  FROM      YEAR
                                                  NORMAL
..................................................................
TEMPERATURE (F)
 TODAY
  MAXIMUM         54    259 PM  84    1913  57     -3       55
  MINIMUM         50    313 AM  19    1919  36     14       40
  AVERAGE         52                        46      6       48

PRECIPITATION (IN)
  TODAY            1.08          1.13 1946   0.11   0.97     0.89
  MONTH TO DATE    3.75                      3.13   0.62     3.84
  SINCE MAR 1      5.47                      6.19  -0.72     5.42
  SINCE JAN 1     11.34                     11.30   0.04    10.61

SNOWFALL (IN)
  TODAY           MM            MM      MM  MM     MM       MM
  MONTH TO DATE   MM                        MM     MM       MM
  SINCE MAR 1     MM                        MM     MM       MM
  SINCE JUL 1     MM                        MM     MM       MM
  SNOW DEPTH      MM

DEGREE DAYS
 HEATING
  TODAY           13                        19     -6       17
  MONTH TO DATE  742                       650     92      623
  SINCE MAR 1   1812                      1797     15     1924
  SINCE JUL 1   7556                      7849   -293     7419

 COOLING
  TODAY            0                         0      0        0
  MONTH TO DATE    0                         0      0        0
  SINCE MAR 1      0                         0      0        0
  SINCE JAN 1      0                         0      0        0
..................................................................


WIND (MPH)
  HIGHEST WIND SPEED     9   HIGHEST WIND DIRECTION     E (110)
  HIGHEST GUST SPEED    14   HIGHEST GUST DIRECTION     E (110)
  AVERAGE WIND SPEED     4.8


SKY COVER
  POSSIBLE SUNSHINE  MM
  AVERAGE SKY COVER 1.0


WEATHER CONDITIONS
 THE FOLLOWING WEATHER WAS RECORDED TODAY.
  HEAVY RAIN
  RAIN
  LIGHT RAIN
  FOG


RELATIVE HUMIDITY (PERCENT)
 HIGHEST   100           100 PM
 LOWEST     93          1200 AM
 AVERAGE    97

..........................................................


THE MILLINOCKET ME CLIMATE NORMALS FOR TOMORROW
                         NORMAL    RECORD    YEAR
 MAXIMUM TEMPERATURE (F)   57        82      1913
 MINIMUM TEMPERATURE (F)   36        20      1966
                                             1909


SUNRISE AND SUNSET
APRIL 26 2018.........SUNRISE   530 AM EDT   SUNSET   735 PM EDT
APRIL 27 2018.........SUNRISE   529 AM EDT   SUNSET   737 PM EDT


-  INDICATES NEGATIVE NUMBERS.
R  INDICATES RECORD WAS SET OR TIED.
MM INDICATES DATA IS MISSING.
T  INDICATES TRACE AMOUNT.




$$
