000
CDUS43 KMKX 200703
CLIMSN


CLIMATE REPORT
NATIONAL WEATHER SERVICE IN MILWAUKEE
201 AM CDT FRI APR 20 2018


...................................

...THE MADISON WI CLIMATE SUMMARY FOR APRIL 19 2018...

CLIMATE NORMAL PERIOD 1981 TO 2010
CLIMATE RECORD PERIOD 1871 TO 2018


WEATHER ITEM   OBSERVED TIME   RECORD YEAR NORMAL DEPARTURE LAST
                VALUE   (LST)  VALUE       VALUE  FROM      YEAR
                                                  NORMAL
..................................................................
TEMPERATURE (F)
 YESTERDAY
  MAXIMUM         49    433 PM  84    1985  59    -10       61
  MINIMUM         24    535 AM  16    1983  37    -13       44
  AVERAGE         37                        48    -11       53

PRECIPITATION (IN)
  YESTERDAY        0.00          1.13 2011   0.11  -0.11     0.02
  MONTH TO DATE    2.12                      2.13  -0.01     2.58
  SINCE MAR 1      2.86                      4.33  -1.47     5.41
  SINCE JAN 1      7.04                      7.01   0.03    10.11

SNOWFALL (IN)
  YESTERDAY        0.0           1.3  2011   0.1   -0.1      0.0
  MONTH TO DATE   13.5                       2.1   11.4       T
  SINCE MAR 1     16.9                       9.1    7.8      8.3
  SINCE JUL 1     44.4                      50.2   -5.8     44.0
  SNOW DEPTH       7

DEGREE DAYS
 HEATING
  YESTERDAY       28                        17     11       12
  MONTH TO DATE  637                       394    243      267
  SINCE MAR 1   1630                      1357    273     1216
  SINCE JUL 1   6905                      6843     62     5728

 COOLING
  YESTERDAY        0                         0      0        0
  MONTH TO DATE    0                         0      0        0
  SINCE MAR 1      0                         0      0        0
  SINCE JAN 1      0                         0      0        0
..................................................................


WIND (MPH)
  HIGHEST WIND SPEED    12   HIGHEST WIND DIRECTION    NW (300)
  HIGHEST GUST SPEED    17   HIGHEST GUST DIRECTION    NW (330)
  AVERAGE WIND SPEED     5.8


SKY COVER
  POSSIBLE SUNSHINE  MM
  AVERAGE SKY COVER 0.2


WEATHER CONDITIONS
 THE FOLLOWING WEATHER WAS RECORDED YESTERDAY.
  NO SIGNIFICANT WEATHER WAS OBSERVED.


RELATIVE HUMIDITY (PERCENT)
 HIGHEST    88           400 AM
 LOWEST     38           300 PM
 AVERAGE    63

..........................................................


THE MADISON WI CLIMATE NORMALS FOR TODAY
                         NORMAL    RECORD    YEAR
 MAXIMUM TEMPERATURE (F)   59        85      1987
 MINIMUM TEMPERATURE (F)   38        21      1962
                                             1956


SUNRISE AND SUNSET
APRIL 20 2018.........SUNRISE   607 AM CDT   SUNSET   746 PM CDT
APRIL 21 2018.........SUNRISE   606 AM CDT   SUNSET   747 PM CDT


-  INDICATES NEGATIVE NUMBERS.
R  INDICATES RECORD WAS SET OR TIED.
MM INDICATES DATA IS MISSING.
T  INDICATES TRACE AMOUNT.




$$
