716
CDUS41 KBTV 230534
CLIMSS


CLIMATE REPORT
NATIONAL WEATHER SERVICE BURLINGTON VT
130 AM EDT MON APR 23 2018


...................................

...THE MASSENA NY CLIMATE SUMMARY FOR APRIL 22 2018...

CLIMATE NORMAL PERIOD 1981 TO 2010
CLIMATE RECORD PERIOD 1948 TO 2018


WEATHER ITEM   OBSERVED TIME   RECORD YEAR NORMAL DEPARTURE LAST
                VALUE   (LST)  VALUE       VALUE  FROM      YEAR
                                                  NORMAL
..................................................................
TEMPERATURE (F)
 YESTERDAY
  MAXIMUM         60    254 PM  80    1973  58      2       50
  MINIMUM         24    456 AM  19    1975  36    -12       32
  AVERAGE         42                        47     -5       41

PRECIPITATION (IN)
  YESTERDAY        0.00          1.80        0.10  -0.10      T
  MONTH TO DATE    2.03                      2.06  -0.03     3.31
  SINCE MAR 1      2.97                      4.15  -1.18     5.43
  SINCE JAN 1      6.20                      8.10  -1.90     8.86

DEGREE DAYS
 HEATING
  YESTERDAY       23                        18      5       24
  MONTH TO DATE  664                       517    147      413
  SINCE MAR 1   1762                      1661    101     1669
  SINCE JUL 1   6960                      7648   -688     6595

 COOLING
  YESTERDAY        0                         0      0        0
  MONTH TO DATE    0                         0      0        0
  SINCE MAR 1      0                         0      0        0
  SINCE JAN 1      0                         0      0        0
..................................................................


WIND (MPH)
  HIGHEST WIND SPEED    14   HIGHEST WIND DIRECTION     W (290)
  HIGHEST GUST SPEED    21   HIGHEST GUST DIRECTION    NW (310)
  AVERAGE WIND SPEED     3.6


SKY COVER
  AVERAGE SKY COVER 0.0


WEATHER CONDITIONS
 THE FOLLOWING WEATHER WAS RECORDED YESTERDAY.
  FOG


RELATIVE HUMIDITY (PERCENT)
 HIGHEST    92           400 AM
 LOWEST     15           600 PM
 AVERAGE    54

..........................................................


THE MASSENA NY CLIMATE NORMALS FOR TODAY
                         NORMAL    RECORD    YEAR
 MAXIMUM TEMPERATURE (F)   58        80      2007
 MINIMUM TEMPERATURE (F)   36        25      1956


SUNRISE AND SUNSET
APRIL 23 2018.........SUNRISE   601 AM EDT   SUNSET   755 PM EDT
APRIL 24 2018.........SUNRISE   600 AM EDT   SUNSET   756 PM EDT


-  INDICATES NEGATIVE NUMBERS.
R  INDICATES RECORD WAS SET OR TIED.
MM INDICATES DATA IS MISSING.
T  INDICATES TRACE AMOUNT.




$$
