136
CDUS43 KILX 270644
CLIMTO


CLIMATE REPORT
NATIONAL WEATHER SERVICE LINCOLN IL
140 AM CDT SUN MAY 27 2018


...................................

...THE MATTOON IL AIRPORT CLIMATE SUMMARY FOR MAY 26 2018...

CLIMATE NORMAL PERIOD 1981 TO 2010
CLIMATE RECORD PERIOD 9999 TO 9999


WEATHER ITEM   OBSERVED TIME   RECORD YEAR NORMAL DEPARTURE LAST
                VALUE   (LST)  VALUE       VALUE  FROM      YEAR
                                                  NORMAL
..................................................................
TEMPERATURE (F)
 YESTERDAY
  MAXIMUM         88    451 PM  MM      MM  76     12       80
  MINIMUM         68    515 AM  MM      MM  56     12       55
  AVERAGE         78                        66     12       68

PRECIPITATION (IN)
  YESTERDAY        0.00         MM      MM   0.12  -0.12     0.00
  MONTH TO DATE    3.38                      3.82  -0.44     6.52
  SINCE MAR 1     11.91                      9.82   2.09    14.54
  SINCE JAN 1     15.33                     13.80   1.53    16.37

DEGREE DAYS
 HEATING
  YESTERDAY        0                         2     -2        0
  MONTH TO DATE    9                       119   -110      137
  SINCE MAR 1   1363                      1177    186     1024
  SINCE JUL 1   5456                      5381     75     4405

 COOLING
  YESTERDAY       13                         4      9        3
  MONTH TO DATE  164                        55    109       60
  SINCE MAR 1    164                        69     95       81
  SINCE JAN 1    164                        69     95       81
..................................................................


WIND (MPH)
  HIGHEST WIND SPEED    12   HIGHEST WIND DIRECTION     W (250)
  HIGHEST GUST SPEED    18   HIGHEST GUST DIRECTION     W (280)
  AVERAGE WIND SPEED     6.2


SKY COVER
  POSSIBLE SUNSHINE  MM
  AVERAGE SKY COVER 0.2


WEATHER CONDITIONS
 THE FOLLOWING WEATHER WAS RECORDED YESTERDAY.
  NO SIGNIFICANT WEATHER WAS OBSERVED.


RELATIVE HUMIDITY (PERCENT)
 HIGHEST    97           200 AM
 LOWEST     51           600 PM
 AVERAGE    74

..........................................................


THE MATTOON IL AIRPORT CLIMATE NORMALS FOR TODAY
                         NORMAL    RECORD    YEAR
 MAXIMUM TEMPERATURE (F)   77        MM        MM
 MINIMUM TEMPERATURE (F)   56        MM        MM


SUNRISE AND SUNSET
MAY 27 2018...........SUNRISE   530 AM CDT   SUNSET   811 PM CDT
MAY 28 2018...........SUNRISE   530 AM CDT   SUNSET   811 PM CDT


-  INDICATES NEGATIVE NUMBERS.
R  INDICATES RECORD WAS SET OR TIED.
MM INDICATES DATA IS MISSING.
T  INDICATES TRACE AMOUNT.




$$
