000
CDUS41 KBTV 240523
CLIMVL


CLIMATE REPORT
NATIONAL WEATHER SERVICE BURLINGTON VT
123 AM EDT THU MAY 24 2018


...................................

...THE MORRISVILLE VT CLIMATE SUMMARY FOR MAY 23 2018...

CLIMATE NORMAL PERIOD 1981 TO 2010
CLIMATE RECORD PERIOD 9999 TO 9999


WEATHER ITEM   OBSERVED TIME   NORMAL DEPARTURE LAST
                VALUE   (LST)  VALUE  FROM      YEAR
                                      NORMAL
......................................................
TEMPERATURE (F)
 YESTERDAY
  MAXIMUM         72   1202 PM  69      3       71
  MINIMUM         42   1157 PM  43     -1       42
  AVERAGE         57            56      1       57

PRECIPITATION (IN)
  YESTERDAY        T             0.12  -0.12     0.00
  MONTH TO DATE    2.30          2.25   0.05     3.45
  SINCE MAR 1      8.84          6.32   2.52     8.19
  SINCE JAN 1     13.93         10.60   3.33    11.26

DEGREE DAYS
 HEATING
  YESTERDAY        8             9     -1        8
  MONTH TO DATE  245           286    -41      350
  SINCE MAR 1   2235          2106    129     2240
  SINCE JUL 1   7840          8066   -226     7463

 COOLING
  YESTERDAY        0             0      0        0
  MONTH TO DATE    0             0      0        9
  SINCE MAR 1      0             1     -1        9
  SINCE JAN 1      0             1     -1        9
......................................................


WIND (MPH)
  HIGHEST WIND SPEED    17   HIGHEST WIND DIRECTION     N (10)
  HIGHEST GUST SPEED    23   HIGHEST GUST DIRECTION     N (10)
  AVERAGE WIND SPEED     4.1


SKY COVER
  AVERAGE SKY COVER 0.5


WEATHER CONDITIONS
 THE FOLLOWING WEATHER WAS RECORDED YESTERDAY.
  LIGHT RAIN
  FOG
  FOG W/VISIBILITY <= 1/4 MILE


RELATIVE HUMIDITY (PERCENT)
 HIGHEST   100           100 AM
 LOWEST     47           600 PM
 AVERAGE    74

..........................................................


THE MORRISVILLE VT CLIMATE NORMALS FOR TODAY
                         NORMAL    RECORD    YEAR
 MAXIMUM TEMPERATURE (F)   69        87      2007
 MINIMUM TEMPERATURE (F)   44        39      2016


SUNRISE AND SUNSET
MAY 24 2018...........SUNRISE   514 AM EDT   SUNSET   821 PM EDT
MAY 25 2018...........SUNRISE   513 AM EDT   SUNSET   822 PM EDT


-  INDICATES NEGATIVE NUMBERS.
R  INDICATES RECORD WAS SET OR TIED.
MM INDICATES DATA IS MISSING.
T  INDICATES TRACE AMOUNT.




$$
