000
CDUS46 KMTR 230829
CLIOAK


CLIMATE REPORT
NATIONAL WEATHER SERVICE SAN FRANCISCO BAY AREA
129 AM PDT MON APR 23 2018


...................................

...THE OAKLAND AIRPORT CLIMATE SUMMARY FOR APRIL 22 2018...

CLIMATE NORMAL PERIOD 1981 TO 2010
CLIMATE RECORD PERIOD 1948 TO 2018


WEATHER ITEM   OBSERVED TIME   RECORD YEAR NORMAL DEPARTURE LAST
                VALUE   (LST)  VALUE       VALUE  FROM      YEAR
                                                  NORMAL
..................................................................
TEMPERATURE (F)
 YESTERDAY
  MAXIMUM         77    221 PM  85    2013  67     10       67
  MINIMUM         47    519 AM  41    1960  49     -2       49
  AVERAGE         62                        58      4       58

PRECIPITATION (IN)
  YESTERDAY        0.00          0.38 2007   0.04  -0.04     0.00
  MONTH TO DATE    3.18                      1.05   2.13     2.46
  SINCE OCT 1     14.98                     19.38  -4.40    28.45
  SINCE JAN 1     11.76                     12.07  -0.31    20.02

SNOWFALL (IN)
  YESTERDAY        0.0                                       0.0
  MONTH TO DATE    0.0                                       0.0
  SINCE MAR 1      0.0                                       0.0
  SINCE JUL 1      0.0                                       0.0

DEGREE DAYS
 HEATING
  YESTERDAY        3                         7     -4        7
  MONTH TO DATE  188                       178     10      128
  SINCE MAR 1    549                       509     40      338
  SINCE JUL 1   2294                      2531   -237     1867

 COOLING
  YESTERDAY        0                         0      0        0
  MONTH TO DATE    0                         0      0        0
  SINCE MAR 1      0                         1     -1        1
  SINCE JAN 1      0                         1     -1        1
..................................................................


WIND (MPH)
  RESULTANT WIND SPEED   6   RESULTANT WIND DIRECTION  NW (300)
  HIGHEST WIND SPEED    15   HIGHEST WIND DIRECTION    NW (300)
  HIGHEST GUST SPEED    18   HIGHEST GUST DIRECTION    NW (300)
  AVERAGE WIND SPEED     7.2


SKY COVER
  POSSIBLE SUNSHINE  MM
  AVERAGE SKY COVER 0.4


WEATHER CONDITIONS
 THE FOLLOWING WEATHER WAS RECORDED YESTERDAY.
  FOG
  HAZE


RELATIVE HUMIDITY (PERCENT)
 HIGHEST   100           500 AM
 LOWEST     43           300 PM
 AVERAGE    72

..........................................................


THE OAKLAND AIRPORT CLIMATE NORMALS FOR TODAY
                         NORMAL    RECORD    YEAR
 MAXIMUM TEMPERATURE (F)   67        88      1966
 MINIMUM TEMPERATURE (F)   49        42      1955


SUNRISE AND SUNSET
APRIL 23 2018.........SUNRISE   623 AM PDT   SUNSET   752 PM PDT
APRIL 24 2018.........SUNRISE   622 AM PDT   SUNSET   753 PM PDT


-  INDICATES NEGATIVE NUMBERS.
R  INDICATES RECORD WAS SET OR TIED.
MM INDICATES DATA IS MISSING.
T  INDICATES TRACE AMOUNT.




$$
