000
CDUS46 KSGX 270035
CLIOKB


CLIMATE REPORT
NATIONAL WEATHER SERVICE SAN DIEGO, CA
534 PM PDT THU APR 26 2018


...................................

...THE OCEANSIDE AIRPORT CA CLIMATE SUMMARY FOR APRIL 26 2018...
VALID TODAY AS OF 0500 PM LOCAL TIME.

CLIMATE NORMAL PERIOD 1981 TO 2010
CLIMATE RECORD PERIOD 1999 TO 2018


WEATHER ITEM   OBSERVED TIME   RECORD YEAR NORMAL DEPARTURE LAST
                VALUE   (LST)  VALUE       VALUE  FROM      YEAR
                                                  NORMAL
..................................................................
TEMPERATURE (F)
 TODAY
  MAXIMUM         67   1234 PM  91    2004  69     -2       74
  MINIMUM         56    440 AM   9    2011  51      5       50
  AVERAGE         62                        60      2       62

PRECIPITATION (IN)
  TODAY            0.00          0.42 2012   0.03  -0.03     0.00
  MONTH TO DATE    0.06                      0.88  -0.82     0.02
  SINCE OCT 1      4.74                     12.69  -7.95    13.65
  SINCE JAN 1      4.70                      8.81  -4.11     8.50

DEGREE DAYS
 HEATING
  TODAY            3                         5     -2        3
  MONTH TO DATE  141                       176    -35      104
  SINCE MAR 1    421                       466    -45      317
  SINCE JUL 1   1387                      1874   -487     1332

 COOLING
  TODAY            0                         0      0        0
  MONTH TO DATE    2                         0      2        3
  SINCE MAR 1      2                         1      1        3
  SINCE JAN 1      5                         1      4        3
..................................................................


WIND (MPH)
  RESULTANT WIND SPEED   4   RESULTANT WIND DIRECTION   W (270)
  HIGHEST WIND SPEED    15   HIGHEST WIND DIRECTION    SW (240)
  HIGHEST GUST SPEED    29   HIGHEST GUST DIRECTION    SW (210)
  AVERAGE WIND SPEED     5.2


SKY COVER
  POSSIBLE SUNSHINE  MM
  AVERAGE SKY COVER 0.6


WEATHER CONDITIONS
 THE FOLLOWING WEATHER WAS RECORDED TODAY.
  NO SIGNIFICANT WEATHER WAS OBSERVED.


RELATIVE HUMIDITY (PERCENT)
 HIGHEST    80           100 AM
 LOWEST     58          1200 PM
 AVERAGE    69

..........................................................


THE OCEANSIDE AIRPORT CA CLIMATE NORMALS FOR TOMORROW
                         NORMAL    RECORD    YEAR
 MAXIMUM TEMPERATURE (F)   69        97      2008
 MINIMUM TEMPERATURE (F)   51        44      2015


SUNRISE AND SUNSET
APRIL 26 2018.........SUNRISE   607 AM PDT   SUNSET   728 PM PDT
APRIL 27 2018.........SUNRISE   606 AM PDT   SUNSET   729 PM PDT


-  INDICATES NEGATIVE NUMBERS.
R  INDICATES RECORD WAS SET OR TIED.
MM INDICATES DATA IS MISSING.
T  INDICATES TRACE AMOUNT.




$$
