000
CDUS44 KOUN 221133
CLIOKC

CLIMATE REPORT
NATIONAL WEATHER SERVICE NORMAN OK
146 AM CDT TUE MAY 22 2018


...................................

...THE OKLAHOMA CITY CLIMATE SUMMARY FOR MAY 21 2018...

CLIMATE NORMAL PERIOD 1981 TO 2010
CLIMATE RECORD PERIOD 1890 TO 2018


WEATHER ITEM   OBSERVED TIME   RECORD YEAR NORMAL DEPARTURE LAST
                VALUE   (LST)  VALUE       VALUE  FROM      YEAR
                                                  NORMAL
..................................................................
TEMPERATURE (F)
 YESTERDAY
  MAXIMUM         80    513 PM  98    2005  81     -1       76
  MINIMUM         59    540 AM  42    1892  61     -2       50
  AVERAGE         70                        71     -1       63

PRECIPITATION (IN)
  YESTERDAY        0.00          2.81 1922   0.17  -0.17     0.00
  MONTH TO DATE    3.17                      3.06   0.11     1.03
  SINCE MAR 1      6.06                      9.19  -3.13     9.90
  SINCE JAN 1      8.89                     12.16  -3.27    14.59

SNOWFALL (IN)
  YESTERDAY        0.0           0.0    MM   0.0    0.0      0.0
  MONTH TO DATE    0.0                       0.0    0.0      0.0
  SINCE MAR 1      T                         0.9   -0.9       T
  SINCE JUL 1      0.4                       7.6   -7.2      2.1
  SNOW DEPTH       0

DEGREE DAYS
 HEATING
  YESTERDAY        0                         1     -1        2
  MONTH TO DATE    0                        29    -29       36
  SINCE MAR 1    690                       611     79      468
  SINCE JUL 1   3559                      3361    198     2688

 COOLING
  YESTERDAY        5                         7     -2        0
  MONTH TO DATE  169                       102     67       60
  SINCE MAR 1    199                       167     32      151
  SINCE JAN 1    203                       168     35      160
..................................................................


WIND (MPH)
  HIGHEST WIND SPEED    10   HIGHEST WIND DIRECTION    NE (50)
  HIGHEST GUST SPEED    13   HIGHEST GUST DIRECTION    NE (50)
  AVERAGE WIND SPEED     5.3


SKY COVER
  AVERAGE SKY COVER 0.3


WEATHER CONDITIONS
 THE FOLLOWING WEATHER WAS RECORDED YESTERDAY.
  FOG


RELATIVE HUMIDITY (PERCENT)
 HIGHEST    97           200 AM
 LOWEST     51           400 PM
 AVERAGE    74

..........................................................


THE OKLAHOMA CITY CLIMATE NORMALS FOR TODAY
                         NORMAL    RECORD    YEAR
 MAXIMUM TEMPERATURE (F)   82        99      2005
 MINIMUM TEMPERATURE (F)   62        42      2001
                                             1931
                                             1892


SUNRISE AND SUNSET
MAY 22 2018...........SUNRISE   621 AM CDT   SUNSET   833 PM CDT
MAY 23 2018...........SUNRISE   621 AM CDT   SUNSET   834 PM CDT


-  INDICATES NEGATIVE NUMBERS.
R  INDICATES RECORD WAS SET OR TIED.
MM INDICATES DATA IS MISSING.
T  INDICATES TRACE AMOUNT.




$$
