026
CDUS41 KAKQ 240535
CLIORF


CLIMATE REPORT
NATIONAL WEATHER SERVICE WAKEFIELD, VA
135 AM EDT TUE APR 24 2018


...................................

...THE NORFOLK VA CLIMATE SUMMARY FOR APRIL 23 2018...

CLIMATE NORMAL PERIOD 1981 TO 2010
CLIMATE RECORD PERIOD 1871 TO 2018


WEATHER ITEM   OBSERVED TIME   RECORD YEAR NORMAL DEPARTURE LAST
                VALUE   (LST)  VALUE       VALUE  FROM      YEAR
                                                  NORMAL
..................................................................
TEMPERATURE (F)
 YESTERDAY
  MAXIMUM         69   1047 AM  92    1960  70     -1       57
  MINIMUM         51    127 AM  38    1875  51      0       55
  AVERAGE         60                        60      0       56

PRECIPITATION (IN)
  YESTERDAY        0.00          2.23 1883   0.11  -0.11     0.29
  MONTH TO DATE    1.81                      2.63  -0.82     1.87
  SINCE MAR 1      5.69                      6.31  -0.62     6.48
  SINCE JAN 1     10.93                     12.83  -1.90    11.55

SNOWFALL (IN)
  YESTERDAY        0.0           0.0  2002   0.0    0.0
  MONTH TO DATE    0.0                       0.0    0.0
  SINCE NOV 1     15.1                       5.8    9.3
  SINCE JUL 1     15.1                       5.8    9.3
  SNOW DEPTH       0

DEGREE DAYS
 HEATING
  YESTERDAY        5                         6     -1        9
  MONTH TO DATE  214                       201     13       88
  SINCE MAR 1    800                       693    107      560
  SINCE JUL 1   3154                      3262   -108     2612

 COOLING
  YESTERDAY        0                         2     -2        0
  MONTH TO DATE   21                        26     -5       78
  SINCE MAR 1     28                        32     -4       94
  SINCE JAN 1     43                        33     10       97
..................................................................


WIND (MPH)
  HIGHEST WIND SPEED    20   HIGHEST WIND DIRECTION    SE (140)
  HIGHEST GUST SPEED    27   HIGHEST GUST DIRECTION    SE (120)
  AVERAGE WIND SPEED    10.3


SKY COVER
  POSSIBLE SUNSHINE  MM
  AVERAGE SKY COVER 0.1


WEATHER CONDITIONS
 THE FOLLOWING WEATHER WAS RECORDED YESTERDAY.
  NO SIGNIFICANT WEATHER WAS OBSERVED.


RELATIVE HUMIDITY (PERCENT)
 HIGHEST    71           500 AM
 LOWEST     29           100 PM
 AVERAGE    50

..........................................................


THE NORFOLK VA CLIMATE NORMALS FOR TODAY
                         NORMAL    RECORD    YEAR
 MAXIMUM TEMPERATURE (F)   70        95      1960
 MINIMUM TEMPERATURE (F)   51        40      1951
                                             1931
                                             1930


SUNRISE AND SUNSET
APRIL 24 2018.........SUNRISE   619 AM EDT   SUNSET   747 PM EDT
APRIL 25 2018.........SUNRISE   618 AM EDT   SUNSET   748 PM EDT


-  INDICATES NEGATIVE NUMBERS.
R  INDICATES RECORD WAS SET OR TIED.
MM INDICATES DATA IS MISSING.
T  INDICATES TRACE AMOUNT.




$$
