000
CDUS41 KBOX 262149
CLIORH


CLIMATE REPORT
NATIONAL WEATHER SERVICE BOSTON/NORTON MA
539 PM EDT SAT MAY 26 2018


...................................

...THE WORCESTER MA CLIMATE SUMMARY FOR MAY 26 2018...
VALID TODAY AS OF 0500 PM LOCAL TIME.

CLIMATE NORMAL PERIOD 1981 TO 2010
CLIMATE RECORD PERIOD 1892 TO 2018


WEATHER ITEM   OBSERVED TIME   RECORD YEAR NORMAL DEPARTURE LAST
                VALUE   (LST)  VALUE       VALUE  FROM      YEAR
                                                  NORMAL
..................................................................
TEMPERATURE (F)
 TODAY
  MAXIMUM         85    244 PM  94    2010  69     16       56
  MINIMUM         65   1230 AM  35    1992  50     15       46
                                      1972
                                      1925
  AVERAGE         75                        59     16       51

PRECIPITATION (IN)
  TODAY            0.00          1.73 2003   0.15  -0.15     1.30
  MONTH TO DATE    2.09                      3.45  -1.36     5.46
  SINCE MAR 1     12.61                     11.77   0.84    14.22
  SINCE JAN 1     21.10                     18.49   2.61    20.57

SNOWFALL (IN)
  TODAY            0.0           T    1927   0.0    0.0      0.0
  MONTH TO DATE    0.0                       0.0    0.0      0.0
  SINCE MAR 1     49.5                      14.2   35.3     20.5
  SINCE JUL 1     96.1                      64.1   32.0     78.3
  SNOW DEPTH      MM

DEGREE DAYS
 HEATING
  TODAY            0                         7     -7       14
  MONTH TO DATE  138                       257   -119      321
  SINCE MAR 1   1823                      1767     56     1864
  SINCE JUL 1   6324                      6604   -280     6141

 COOLING
  TODAY           10                         1      9        0
  MONTH TO DATE   42                        11     31       24
  SINCE MAR 1     42                        14     28       34
  SINCE JAN 1     42                        14     28       34
..................................................................


WIND (MPH)
  HIGHEST WIND SPEED    20   HIGHEST WIND DIRECTION     W (260)
  HIGHEST GUST SPEED    25   HIGHEST GUST DIRECTION     W (250)
  AVERAGE WIND SPEED    13.2


SKY COVER
  POSSIBLE SUNSHINE  MM
  AVERAGE SKY COVER 0.0


WEATHER CONDITIONS
 THE FOLLOWING WEATHER WAS RECORDED TODAY.
  NO SIGNIFICANT WEATHER WAS OBSERVED.


RELATIVE HUMIDITY (PERCENT)
 HIGHEST    73           500 AM
 LOWEST     34           200 PM
 AVERAGE    54

..........................................................


THE WORCESTER MA CLIMATE NORMALS FOR TOMORROW
                         NORMAL    RECORD    YEAR
 MAXIMUM TEMPERATURE (F)   69        91      1914
 MINIMUM TEMPERATURE (F)   50        36      1969


SUNRISE AND SUNSET
MAY 26 2018...........SUNRISE   517 AM EDT   SUNSET   812 PM EDT
MAY 27 2018...........SUNRISE   516 AM EDT   SUNSET   813 PM EDT


-  INDICATES NEGATIVE NUMBERS.
R  INDICATES RECORD WAS SET OR TIED.
MM INDICATES DATA IS MISSING.
T  INDICATES TRACE AMOUNT.




$$
