000
CDUS45 KLKN 250027
CLIP68


CLIMATE REPORT
NATIONAL WEATHER SERVICE ELKO NV
527 PM PDT TUE APR 24 2018


...................................

...THE EUREKA AIRPORT NV CLIMATE SUMMARY FOR APRIL 24 2018...
VALID TODAY AS OF 0500 PM LOCAL TIME.

CLIMATE NORMAL PERIOD 1981 TO 2010
CLIMATE RECORD PERIOD 1963 TO 2018


WEATHER ITEM   OBSERVED TIME   RECORD YEAR NORMAL DEPARTURE LAST
                VALUE   (LST)  VALUE       VALUE  FROM      YEAR
                                                  NORMAL
..................................................................
TEMPERATURE (F)
 TODAY
  MAXIMUM         69    350 PM  79    2012  62      7       54
  MINIMUM         30   1210 AM   3    1964  30      0       35
  AVERAGE         50                        46      4       45

PRECIPITATION (IN)
  TODAY            0.00          0.50 1994   0.03  -0.03     0.00
  MONTH TO DATE    0.80                      0.76   0.04     1.83
  SINCE OCT 1      5.98                      5.42   0.56     8.29
  SINCE JAN 1      4.79                      3.29   1.50     6.20

DEGREE DAYS
 HEATING
  TODAY           15                        19     -4       20
  MONTH TO DATE  476                       538    -62      509
  SINCE MAR 1   1497                      1409     88     1194
  SINCE JUL 1   6147                      6694   -547     6054

 COOLING
  TODAY            0                         0      0        0
  MONTH TO DATE    0                         0      0        0
  SINCE MAR 1      0                         0      0        0
  SINCE JAN 1      0                         0      0        0
..................................................................


WIND (MPH)
  HIGHEST WIND SPEED    13   HIGHEST WIND DIRECTION     N (350)
  HIGHEST GUST SPEED    16   HIGHEST GUST DIRECTION     N (340)




RELATIVE HUMIDITY (PERCENT)
 HIGHEST    69           100 AM
 LOWEST     11           200 PM
 AVERAGE    40

..........................................................


THE EUREKA AIRPORT NV CLIMATE NORMALS FOR TOMORROW
                         NORMAL    RECORD    YEAR
 MAXIMUM TEMPERATURE (F)   62        77      1987
 MINIMUM TEMPERATURE (F)   30        15      1964


SUNRISE AND SUNSET
APRIL 24 2018.........SUNRISE   554 AM PDT   SUNSET   731 PM PDT
APRIL 25 2018.........SUNRISE   552 AM PDT   SUNSET   732 PM PDT


-  INDICATES NEGATIVE NUMBERS.
R  INDICATES RECORD WAS SET OR TIED.
MM INDICATES DATA IS MISSING.
T  INDICATES TRACE AMOUNT.




$$
