000
CDUS41 KPHI 260553
CLIPHL


CLIMATE REPORT
NATIONAL WEATHER SERVICE MOUNT HOLLY NJ
152 AM EDT SAT MAY 26 2018


...................................

...THE PHILADELPHIA PA CLIMATE SUMMARY FOR MAY 25 2018...

CLIMATE NORMAL PERIOD 1981 TO 2010
CLIMATE RECORD PERIOD 1872 TO 2018


WEATHER ITEM   OBSERVED TIME   RECORD YEAR NORMAL DEPARTURE LAST
                VALUE   (LST)  VALUE       VALUE  FROM      YEAR
                                                  NORMAL
..................................................................
TEMPERATURE (F)
 YESTERDAY
  MAXIMUM         86    426 PM  96    1991  77      9       68
  MINIMUM         61    500 AM  40    1963  57      4       55
  AVERAGE         74                        67      7       62

PRECIPITATION (IN)
  YESTERDAY        0.00          2.29 2017   0.12  -0.12     2.29
  MONTH TO DATE    4.26                      2.96   1.30     6.09
  SINCE MAR 1     12.94                     10.31   2.63    13.50
  SINCE JAN 1     21.81                     15.99   5.82    17.71

SNOWFALL (IN)
  YESTERDAY        0.0           0.0    MM   0.0    0.0      0.0
  MONTH TO DATE    0.0                       0.0    0.0      0.0
  SINCE MAR 1     15.2                       3.4   11.8      7.0
  SINCE JUL 1     29.8                      22.4    7.4     15.0
  SNOW DEPTH       0

DEGREE DAYS
 HEATING
  YESTERDAY        0                         2     -2        3
  MONTH TO DATE   37                       101    -64      112
  SINCE MAR 1   1237                      1109    128     1015
  SINCE JUL 1   4397                      4591   -194     3841

 COOLING
  YESTERDAY        9                         4      5        0
  MONTH TO DATE   89                        51     38       58
  SINCE MAR 1     97                        64     33       98
  SINCE JAN 1     97                        64     33       98
..................................................................


WIND (MPH)
  HIGHEST WIND SPEED    21   HIGHEST WIND DIRECTION     W (250)
  HIGHEST GUST SPEED    27   HIGHEST GUST DIRECTION    SW (210)
  AVERAGE WIND SPEED    10.8


SKY COVER
  POSSIBLE SUNSHINE  MM
  AVERAGE SKY COVER 0.3


WEATHER CONDITIONS
 THE FOLLOWING WEATHER WAS RECORDED YESTERDAY.
  NO SIGNIFICANT WEATHER WAS OBSERVED.


RELATIVE HUMIDITY (PERCENT)
 HIGHEST    93           600 AM
 LOWEST     37           200 PM
 AVERAGE    65

..........................................................


THE PHILADELPHIA PA CLIMATE NORMALS FOR TODAY
                         NORMAL    RECORD    YEAR
 MAXIMUM TEMPERATURE (F)   77        96      1880
 MINIMUM TEMPERATURE (F)   57        43      1961


SUNRISE AND SUNSET
MAY 26 2018...........SUNRISE   538 AM EDT   SUNSET   819 PM EDT
MAY 27 2018...........SUNRISE   537 AM EDT   SUNSET   820 PM EDT


-  INDICATES NEGATIVE NUMBERS.
R  INDICATES RECORD WAS SET OR TIED.
MM INDICATES DATA IS MISSING.
T  INDICATES TRACE AMOUNT.




$$
