808
CDUS45 KPSR 200824
CLIPHX

CLIMATE REPORT
NATIONAL WEATHER SERVICE PHOENIX AZ
123 AM MST SUN MAY 20 2018


...................................

...THE PHOENIX AZ CLIMATE SUMMARY FOR MAY 19 2018...

CLIMATE NORMAL PERIOD 1981 TO 2010
CLIMATE RECORD PERIOD 1895 TO 2018


WEATHER ITEM   OBSERVED TIME   RECORD YEAR NORMAL DEPARTURE LAST
                VALUE   (LST)  VALUE       VALUE  FROM      YEAR
                                                  NORMAL
..................................................................
TEMPERATURE (F)
 YESTERDAY
  MAXIMUM         97    432 PM 110    2008  96      1       87
  MINIMUM         70    625 AM  48    1903  70      0       62
  AVERAGE         84                        83      1       75

PRECIPITATION (IN)
  YESTERDAY        0.00          0.23 1917   0.00   0.00     0.00
  MONTH TO DATE    0.00                      0.07  -0.07     0.01
  SINCE OCT 1      1.00                      5.28  -4.28     4.24
  SINCE JAN 1      0.77                      3.17  -2.40     2.41

SNOWFALL (IN)
  YESTERDAY        0.0
  MONTH TO DATE    0.0
  SINCE JAN 1      0.0
  SINCE JUL 1      0.0
  SNOW DEPTH       0

DEGREE DAYS
 HEATING
  YESTERDAY        0                         0      0        0
  MONTH TO DATE    0                         0      0        0
  SINCE MAR 1     35                       101    -66       25
  SINCE JUL 1    499                       934   -435      693

 COOLING
  YESTERDAY       19                        18      1       10
  MONTH TO DATE  337                       292     45      258
  SINCE MAR 1    818                       630    188      782
  SINCE JAN 1    840                       647    193      802
..................................................................


WIND (MPH)
  HIGHEST WIND SPEED    14   HIGHEST WIND DIRECTION    SW (240)
  HIGHEST GUST SPEED    19   HIGHEST GUST DIRECTION     S (190)
  AVERAGE WIND SPEED     6.0


SKY COVER
  AVERAGE SKY COVER 0.2


WEATHER CONDITIONS
 THE FOLLOWING WEATHER WAS RECORDED YESTERDAY.
  NO SIGNIFICANT WEATHER WAS OBSERVED.


RELATIVE HUMIDITY (PERCENT)
 HIGHEST    26           600 AM
 LOWEST      6           400 PM
 AVERAGE    16

..........................................................


THE PHOENIX AZ CLIMATE NORMALS FOR TODAY
                         NORMAL    RECORD    YEAR
 MAXIMUM TEMPERATURE (F)   96       108      2008
 MINIMUM TEMPERATURE (F)   71        49      1902


SUNRISE AND SUNSET
MAY 20 2018...........SUNRISE   525 AM MST   SUNSET   725 PM MST
MAY 21 2018...........SUNRISE   524 AM MST   SUNSET   726 PM MST


-  INDICATES NEGATIVE NUMBERS.
R  INDICATES RECORD WAS SET OR TIED.
MM INDICATES DATA IS MISSING.
T  INDICATES TRACE AMOUNT.

&&
.....................................................................

DEW POINT
  HIGHEST DEW POINT    36
   LOWEST DEW POINT    15
  AVERAGE DEW POINT    26
.....................................................................

$$
