000
CDUS45 KPIH 202324
CLIPIH


CLIMATE REPORT
NATIONAL WEATHER SERVICE POCATELLO ID
522 PM MDT SUN MAY 20 2018


...................................

...THE POCATELLO ID CLIMATE SUMMARY FOR MAY 20 2018...
VALID TODAY AS OF 0500 PM LOCAL TIME.

CLIMATE NORMAL PERIOD 1981 TO 2010
CLIMATE RECORD PERIOD 1939 TO 2018


WEATHER ITEM   OBSERVED TIME   RECORD YEAR NORMAL DEPARTURE LAST
                VALUE   (LST)  VALUE       VALUE  FROM      YEAR
                                                  NORMAL
..................................................................
TEMPERATURE (F)
 TODAY
  MAXIMUM         78    137 PM  89    2008  69      9       70
                                      1958
  MINIMUM         41    453 AM  23    2003  41      0       34
  AVERAGE         60                        55      5       52

PRECIPITATION (IN)
  TODAY            T             1.07 1974   0.05  -0.05     0.03
  MONTH TO DATE    0.62                      0.94  -0.32     0.34
  SINCE OCT 1      7.69                      8.53  -0.84    16.25
  SINCE JAN 1      4.90                      5.31  -0.41     9.69

SNOWFALL (IN)
  TODAY            0.0
  MONTH TO DATE    0.0
  SINCE MAR 1      8.3
  SINCE JUL 1     30.5
  SNOW DEPTH       0

DEGREE DAYS
 HEATING
  TODAY            5                        10     -5       13
  MONTH TO DATE  181                       256    -75      262
  SINCE MAR 1   1498                      1677   -179     1527
  SINCE JUL 1   6206                      6950   -744     6776

 COOLING
  TODAY            0                         0      0        0
  MONTH TO DATE    1                         0      1        0
  SINCE MAR 1      1                         0      1        0
  SINCE JAN 1      1                         0      1        0
..................................................................


WIND (MPH)
  HIGHEST WIND SPEED    25   HIGHEST WIND DIRECTION     W (270)
  HIGHEST GUST SPEED    33   HIGHEST GUST DIRECTION     W (280)
  AVERAGE WIND SPEED     2.9


SKY COVER
  POSSIBLE SUNSHINE  MM
  AVERAGE SKY COVER 0.3


WEATHER CONDITIONS
 THE FOLLOWING WEATHER WAS RECORDED TODAY.
  THUNDERSTORM
  FOG


RELATIVE HUMIDITY (PERCENT)
 HIGHEST   100           400 AM
 LOWEST     33           200 PM
 AVERAGE    67

..........................................................


THE POCATELLO ID CLIMATE NORMALS FOR TOMORROW
                         NORMAL    RECORD    YEAR
 MAXIMUM TEMPERATURE (F)   69        92      2012
 MINIMUM TEMPERATURE (F)   41        26      2001


SUNRISE AND SUNSET
MAY 20 2018...........SUNRISE   603 AM MDT   SUNSET   852 PM MDT
MAY 21 2018...........SUNRISE   602 AM MDT   SUNSET   853 PM MDT


-  INDICATES NEGATIVE NUMBERS.
R  INDICATES RECORD WAS SET OR TIED.
MM INDICATES DATA IS MISSING.
T  INDICATES TRACE AMOUNT.




$$
