000
CDUS46 KOTX 260820
CLIPUW


CLIMATE REPORT
NATIONAL WEATHER SERVICE SPOKANE, WA
119 AM PDT THU APR 26 2018


...................................

...THE PULLMAN-MOSCOW  AIRPORT CLIMATE SUMMARY FOR APRIL 25 2018...

CLIMATE NORMAL PERIOD 1981 TO 2010
CLIMATE RECORD PERIOD 9999 TO 9999


WEATHER ITEM   OBSERVED TIME   RECORD YEAR NORMAL DEPARTURE LAST
                VALUE   (LST)  VALUE       VALUE  FROM      YEAR
                                                  NORMAL
..................................................................
TEMPERATURE (F)
 YESTERDAY
  MAXIMUM         71    138 PM  88    1910  59     12       54
  MINIMUM         44   1159 PM  24    1984  37      7       41
  AVERAGE         58                        48     10       48

PRECIPITATION (IN)
  YESTERDAY        0.00                      0.05  -0.05     0.17
  MONTH TO DATE    2.27                      1.32   0.95     1.48
  SINCE OCT 1     16.98                     11.91   5.07    19.82
  SINCE JAN 1      8.12                      6.71   1.41    11.41

SNOWFALL (IN)
  YESTERDAY       MM

DEGREE DAYS
 HEATING
  YESTERDAY        7                        17    -10       17
  MONTH TO DATE  489                       488      1      464
  SINCE MAR 1   1246                      1244      2     1169
  SINCE JUL 1   5630                      5947   -317     5946

 COOLING
  YESTERDAY        0                         0      0        0
  MONTH TO DATE    0                         0      0        0
  SINCE MAR 1      0                         0      0        0
  SINCE JAN 1      0                         0      0        0
..................................................................


WIND (MPH)
  HIGHEST WIND SPEED    16   HIGHEST WIND DIRECTION     W (280)
  HIGHEST GUST SPEED    22   HIGHEST GUST DIRECTION     W (290)
  AVERAGE WIND SPEED     6.2


SKY COVER
  POSSIBLE SUNSHINE  MM
  AVERAGE SKY COVER 0.0


WEATHER CONDITIONS
 THE FOLLOWING WEATHER WAS RECORDED YESTERDAY.
  NO SIGNIFICANT WEATHER WAS OBSERVED.


RELATIVE HUMIDITY (PERCENT)
 HIGHEST    76          1100 PM
 LOWEST     26           300 PM
 AVERAGE    51

..........................................................


THE PULLMAN-MOSCOW  AIRPORT CLIMATE NORMALS FOR TODAY
                         NORMAL    RECORD    YEAR
 MAXIMUM TEMPERATURE (F)   60        87      1926
 MINIMUM TEMPERATURE (F)   37        26      2015
                                             1970


SUNRISE AND SUNSET
APRIL 26 2018.........SUNRISE   542 AM PDT   SUNSET   752 PM PDT
APRIL 27 2018.........SUNRISE   540 AM PDT   SUNSET   753 PM PDT


-  INDICATES NEGATIVE NUMBERS.
R  INDICATES RECORD WAS SET OR TIED.
MM INDICATES DATA IS MISSING.
T  INDICATES TRACE AMOUNT.




$$
