000
CDUS46 KSGX 191130
CLIRAL


CLIMATE REPORT
NATIONAL WEATHER SERVICE SAN DIEGO, CA
430 AM PDT THU APR 19 2018


...................................

...THE RIVERSIDE MUNI AIRPORT CA CLIMATE SUMMARY FOR APRIL 18 2018...

CLIMATE NORMAL PERIOD 1981 TO 2010
CLIMATE RECORD PERIOD 1893 TO 2018


WEATHER ITEM   OBSERVED TIME   RECORD YEAR NORMAL DEPARTURE LAST
                VALUE   (LST)  VALUE       VALUE  FROM      YEAR
                                                  NORMAL
..................................................................
TEMPERATURE (F)
 YESTERDAY
  MAXIMUM         77   1206 PM  97    1914  76      1       79
  MINIMUM         46    518 AM  33    1917  51     -5       61
  AVERAGE         62                        63     -1       70

PRECIPITATION (IN)
  YESTERDAY        0.00          0.55 2000   0.03  -0.03     0.00
  MONTH TO DATE    0.00                      0.45  -0.45     0.10
  SINCE OCT 1      4.08                     11.25  -7.17    13.19
  SINCE JAN 1      4.05                      8.44  -4.39     7.93

DEGREE DAYS
 HEATING
  YESTERDAY        3                         3      0        0
  MONTH TO DATE   27                        76    -49       30
  SINCE MAR 1    212                       281    -69      128
  SINCE JUL 1    772                      1389   -617     1092

 COOLING
  YESTERDAY        0                         2     -2        5
  MONTH TO DATE   43                        18     25       23
  SINCE MAR 1     55                        30     25       82
  SINCE JAN 1     91                        39     52       82
..................................................................


WIND (MPH)
  RESULTANT WIND SPEED   5   RESULTANT WIND DIRECTION   W (280)
  HIGHEST WIND SPEED    21   HIGHEST WIND DIRECTION     W (270)
  HIGHEST GUST SPEED    31   HIGHEST GUST DIRECTION     W (270)
  AVERAGE WIND SPEED     7.4


SKY COVER
  POSSIBLE SUNSHINE  MM
  AVERAGE SKY COVER 0.1


WEATHER CONDITIONS
 THE FOLLOWING WEATHER WAS RECORDED YESTERDAY.
  NO SIGNIFICANT WEATHER WAS OBSERVED.


RELATIVE HUMIDITY (PERCENT)
 HIGHEST    71          1100 PM
 LOWEST     12          1100 AM
 AVERAGE    42

..........................................................


THE RIVERSIDE MUNI AIRPORT CA CLIMATE NORMALS FOR TODAY
                         NORMAL    RECORD    YEAR
 MAXIMUM TEMPERATURE (F)   76       100      1914
 MINIMUM TEMPERATURE (F)   51        34      1955


SUNRISE AND SUNSET
APRIL 19 2018.........SUNRISE   614 AM PDT   SUNSET   724 PM PDT
APRIL 20 2018.........SUNRISE   613 AM PDT   SUNSET   725 PM PDT


-  INDICATES NEGATIVE NUMBERS.
R  INDICATES RECORD WAS SET OR TIED.
MM INDICATES DATA IS MISSING.
T  INDICATES TRACE AMOUNT.




$$
