000
CDUS41 KPHI 210553
CLIRDG


CLIMATE REPORT
NATIONAL WEATHER SERVICE MOUNT HOLLY NJ
152 AM EDT MON MAY 21 2018


...................................

...THE READING PA CLIMATE SUMMARY FOR MAY 20 2018...

CLIMATE NORMAL PERIOD 1981 TO 2010
CLIMATE RECORD PERIOD 1869 TO 2018


WEATHER ITEM   OBSERVED TIME   RECORD YEAR NORMAL DEPARTURE LAST
                VALUE   (LST)  VALUE       VALUE  FROM      YEAR
                                                  NORMAL
..................................................................
TEMPERATURE (F)
 YESTERDAY
  MAXIMUM         81    330 PM  96    1996  74      7       67
  MINIMUM         59    139 AM  36    2002  51      8       52
  AVERAGE         70                        62      8       60

PRECIPITATION (IN)
  YESTERDAY        0.01          3.24 1894   0.12  -0.11     0.08
  MONTH TO DATE    4.13                      2.44   1.69     2.57
  SINCE MAR 1     10.51                      9.69   0.82     8.88
  SINCE JAN 1     19.29                     15.22   4.07    12.27

DEGREE DAYS
 HEATING
  YESTERDAY        0                         5     -5        5
  MONTH TO DATE   50                       133    -83      146
  SINCE MAR 1   1388                      1289     99     1174
  SINCE JUL 1   5177                      5331   -154     4536

 COOLING
  YESTERDAY        5                         2      3        0
  MONTH TO DATE   45                        25     20       39
  SINCE MAR 1     55                        34     21       66
  SINCE JAN 1     56                        34     22       66
..................................................................


WIND (MPH)
  HIGHEST WIND SPEED    18   HIGHEST WIND DIRECTION     W (290)
  HIGHEST GUST SPEED    24   HIGHEST GUST DIRECTION     W (290)
  AVERAGE WIND SPEED     5.4


SKY COVER
  POSSIBLE SUNSHINE  MM
  AVERAGE SKY COVER 0.6


WEATHER CONDITIONS
 THE FOLLOWING WEATHER WAS RECORDED YESTERDAY.
  LIGHT RAIN
  FOG


RELATIVE HUMIDITY (PERCENT)
 HIGHEST   100           300 AM
 LOWEST     58           600 PM
 AVERAGE    79

..........................................................


THE READING PA CLIMATE NORMALS FOR TODAY
                         NORMAL    RECORD    YEAR
 MAXIMUM TEMPERATURE (F)   74        94      1996
 MINIMUM TEMPERATURE (F)   52        33      2002


SUNRISE AND SUNSET
MAY 21 2018...........SUNRISE   543 AM EDT   SUNSET   819 PM EDT
MAY 22 2018...........SUNRISE   542 AM EDT   SUNSET   820 PM EDT


-  INDICATES NEGATIVE NUMBERS.
R  INDICATES RECORD WAS SET OR TIED.
MM INDICATES DATA IS MISSING.
T  INDICATES TRACE AMOUNT.




$$
