000
CDUS42 KRAH 200704
CLIRDU


CLIMATE REPORT
NATIONAL WEATHER SERVICE RALEIGH NC
302 AM EDT FRI APR 20 2018


...................................

...THE RALEIGH-DURHAM INTL AIRPORT NC CLIMATE SUMMARY FOR APRIL 19 2018...

CLIMATE NORMAL PERIOD 1981 TO 2010
CLIMATE RECORD PERIOD 1887 TO 2018


WEATHER ITEM   OBSERVED TIME   RECORD YEAR NORMAL DEPARTURE LAST
                VALUE   (LST)  VALUE       VALUE  FROM      YEAR
                                                  NORMAL
..................................................................
TEMPERATURE (F)
 YESTERDAY
  MAXIMUM         76   1149 AM  93    1941  73      3       69
  MINIMUM         45   1159 PM  29    2001  49     -4       55
  AVERAGE         61                        61      0       62

PRECIPITATION (IN)
  YESTERDAY        0.00          1.71 1988   0.10  -0.10      T
  MONTH TO DATE    4.30                      1.91   2.39     0.89
  SINCE MAR 1      9.10                      6.02   3.08     4.02
  SINCE JAN 1     14.72                     12.75   1.97     8.45

SNOWFALL (IN)
  YESTERDAY        0.0           T    1983   0.0    0.0      0.0
  MONTH TO DATE    T                         0.1   -0.1      0.0
  SINCE MAR 1      1.6                       0.6    1.0      0.3
  SINCE JUL 1      8.9                       6.1    2.8      0.8
  SNOW DEPTH       0

DEGREE DAYS
 HEATING
  YESTERDAY        4                         6     -2        3
  MONTH TO DATE  163                       142     21       55
  SINCE MAR 1    751                       566    185      469
  SINCE JUL 1   3264                      3138    126     2442

 COOLING
  YESTERDAY        0                         2     -2        0
  MONTH TO DATE   14                        25    -11       48
  SINCE MAR 1     17                        36    -19       66
  SINCE JAN 1     39                        37      2       74
..................................................................


WIND (MPH)
  HIGHEST WIND SPEED    24   HIGHEST WIND DIRECTION     W (290)
  HIGHEST GUST SPEED    34   HIGHEST GUST DIRECTION     W (290)
  AVERAGE WIND SPEED    10.9


SKY COVER
  POSSIBLE SUNSHINE  MM
  AVERAGE SKY COVER 0.2


WEATHER CONDITIONS
 THE FOLLOWING WEATHER WAS RECORDED YESTERDAY.
  NO SIGNIFICANT WEATHER WAS OBSERVED.


RELATIVE HUMIDITY (PERCENT)
 HIGHEST    63           600 AM
 LOWEST     29           100 PM
 AVERAGE    46

..........................................................


THE RALEIGH-DURHAM INTL AIRPORT NC CLIMATE NORMALS FOR TODAY
                         NORMAL    RECORD    YEAR
 MAXIMUM TEMPERATURE (F)   74        93      1896
 MINIMUM TEMPERATURE (F)   49        28      1983


SUNRISE AND SUNSET
APRIL 20 2018.........SUNRISE   636 AM EDT   SUNSET   753 PM EDT
APRIL 21 2018.........SUNRISE   634 AM EDT   SUNSET   754 PM EDT


-  INDICATES NEGATIVE NUMBERS.
R  INDICATES RECORD WAS SET OR TIED.
MM INDICATES DATA IS MISSING.
T  INDICATES TRACE AMOUNT.

&&

CLIMATE REPORT
NWS FORECAST OFFICE
NCSU CENTENNIAL CAMPUS
RALEIGH NC

MAXIMUM TEMPERATURE... 78

MINIMUM TEMPERATURE... 47

PRECIPITATION... 0.00

$$
