000
CDUS43 KGRB 262130
CLIRHI


CLIMATE REPORT
NATIONAL WEATHER SERVICE GREEN BAY
429 PM CDT THU APR 26 2018


...................................

...THE RHINELANDER WI CLIMATE SUMMARY FOR APRIL 26 2018...
VALID TODAY AS OF 0400 PM LOCAL TIME.

CLIMATE NORMAL PERIOD 1981 TO 2010
CLIMATE RECORD PERIOD 1908 TO 2018


WEATHER ITEM   OBSERVED TIME   RECORD YEAR NORMAL DEPARTURE LAST
                VALUE   (LST)  VALUE       VALUE  FROM      YEAR
                                                  NORMAL
..................................................................
TEMPERATURE (F)
 TODAY
  MAXIMUM         64    248 PM  85    1962  59      5       50
  MINIMUM         27    422 AM  18    1919  34     -7       34
  AVERAGE         46                        46      0       42

PRECIPITATION (IN)
  TODAY            T             1.30 1954   0.10  -0.10     1.04
                                      1921
  MONTH TO DATE    2.56                      2.18   0.38     6.15
  SINCE MAR 1      4.41                      3.75   0.66     7.36
  SINCE JAN 1      6.70                      5.79   0.91    10.72

SNOWFALL (IN)
  TODAY           MM             4.0  1965  MM     MM        0.0
  MONTH TO DATE   27.8                      MM     MM        5.4
  SINCE MAR 1     44.3                      MM     MM       11.2
  SINCE JUL 1     99.9                      MM     MM       62.7
  SNOW DEPTH      MM

DEGREE DAYS
 HEATING
  TODAY           19                        19      0       23
  MONTH TO DATE  909                       632    277      508
  SINCE MAR 1   2149                      1805    344     1660
  SINCE JUL 1   8724                      8427    297     7171

 COOLING
  TODAY            0                         0      0        0
  MONTH TO DATE    0                         0      0        0
  SINCE MAR 1      0                         0      0        0
  SINCE JAN 1      0                         0      0        0
..................................................................


WIND (MPH)
  HIGHEST WIND SPEED    16   HIGHEST WIND DIRECTION    SW (230)
  HIGHEST GUST SPEED    22   HIGHEST GUST DIRECTION     W (260)
  AVERAGE WIND SPEED     6.5


SKY COVER
  POSSIBLE SUNSHINE  MM
  AVERAGE SKY COVER 0.1


WEATHER CONDITIONS
 THE FOLLOWING WEATHER WAS RECORDED TODAY.
  NO SIGNIFICANT WEATHER WAS OBSERVED.


RELATIVE HUMIDITY (PERCENT)
 HIGHEST    81           400 AM
 LOWEST     30           300 PM
 AVERAGE    56

..........................................................


THE RHINELANDER WI CLIMATE NORMALS FOR TOMORROW
                         NORMAL    RECORD    YEAR
 MAXIMUM TEMPERATURE (F)   59        83      1986
                                             1952
 MINIMUM TEMPERATURE (F)   34        19      2012


SUNRISE AND SUNSET
APRIL 26 2018.........SUNRISE   553 AM CDT   SUNSET   759 PM CDT
APRIL 27 2018.........SUNRISE   552 AM CDT   SUNSET   800 PM CDT


-  INDICATES NEGATIVE NUMBERS.
R  INDICATES RECORD WAS SET OR TIED.
MM INDICATES DATA IS MISSING.
T  INDICATES TRACE AMOUNT.




$$
