000
CDUS45 KRIW 250731
CLIRKS


CLIMATE REPORT
NATIONAL WEATHER SERVICE RIVERTON WY
130 AM MDT WED APR 25 2018


...................................

...THE ROCK SPRINGS WY CLIMATE SUMMARY FOR APRIL 24 2018...

CLIMATE NORMAL PERIOD 1981 TO 2010
CLIMATE RECORD PERIOD 1948 TO 2018


WEATHER ITEM   OBSERVED TIME   RECORD YEAR NORMAL DEPARTURE LAST
                VALUE   (LST)  VALUE       VALUE  FROM      YEAR
                                                  NORMAL
..................................................................
TEMPERATURE (F)
 YESTERDAY
  MAXIMUM         49    237 PM  78    2012  56     -7       53
  MINIMUM         27    546 AM  15    1958  31     -4       34
  AVERAGE         38                        44     -6       44

PRECIPITATION (IN)
  YESTERDAY        0.00          0.83 1999   0.03  -0.03     0.06
  MONTH TO DATE    0.14                      0.69  -0.55     0.40
  SINCE MAR 1      0.48                      1.37  -0.89     1.83
  SINCE JAN 1      0.67                      2.30  -1.63     2.73

DEGREE DAYS
 HEATING
  YESTERDAY       27                        21      6       21
  MONTH TO DATE  571                       582    -11      508
  SINCE MAR 1   1492                      1559    -67     1288
  SINCE JUL 1   6758                      7411   -653     7026

 COOLING
  YESTERDAY        0                         0      0        0
  MONTH TO DATE    0                         0      0        0
  SINCE MAR 1      0                         0      0        0
  SINCE JAN 1      0                         0      0        0
..................................................................


WIND (MPH)
  HIGHEST WIND SPEED    24   HIGHEST WIND DIRECTION     E (70)
  HIGHEST GUST SPEED    31   HIGHEST GUST DIRECTION    NE (60)
  AVERAGE WIND SPEED    14.6


SKY COVER
  POSSIBLE SUNSHINE  MM
  AVERAGE SKY COVER 0.6


WEATHER CONDITIONS
 THE FOLLOWING WEATHER WAS RECORDED YESTERDAY.
  NO SIGNIFICANT WEATHER WAS OBSERVED.


RELATIVE HUMIDITY (PERCENT)
 HIGHEST    78           200 AM
 LOWEST     31           300 PM
 AVERAGE    55

..........................................................


THE ROCK SPRINGS WY CLIMATE NORMALS FOR TODAY
                         NORMAL    RECORD    YEAR
 MAXIMUM TEMPERATURE (F)   57        74      1987
 MINIMUM TEMPERATURE (F)   32        20      1950


SUNRISE AND SUNSET
APRIL 25 2018.........SUNRISE   621 AM MDT   SUNSET   808 PM MDT
APRIL 26 2018.........SUNRISE   620 AM MDT   SUNSET   809 PM MDT


-  INDICATES NEGATIVE NUMBERS.
R  INDICATES RECORD WAS SET OR TIED.
MM INDICATES DATA IS MISSING.
T  INDICATES TRACE AMOUNT.




$$
