000
CDUS45 KPIH 210734
CLIRXE


CLIMATE REPORT
NATIONAL WEATHER SERVICE POCATELLO ID
133 AM MDT SAT APR 21 2018


...................................

...THE REXBURG ID CLIMATE SUMMARY FOR APRIL 20 2018...

CLIMATE NORMAL PERIOD 1981 TO 2010
CLIMATE RECORD PERIOD 1998 TO 2018


WEATHER ITEM   OBSERVED TIME   RECORD YEAR NORMAL DEPARTURE LAST
                VALUE   (LST)  VALUE       VALUE  FROM      YEAR
                                                  NORMAL
..................................................................
TEMPERATURE (F)
 YESTERDAY
  MAXIMUM         66    517 PM  75    2010  58      8       49
  MINIMUM         34    518 AM  21    2011  32      2       33
  AVERAGE         50                        45      5       41

PRECIPITATION (IN)
  YESTERDAY        0.00         MM      MM   0.05  -0.05     0.38
  MONTH TO DATE    1.56                      0.95   0.61     1.10
  SINCE OCT 1      7.33                      6.79   0.54    10.00
  SINCE JAN 1      5.23                      3.58   1.65     4.24

SNOWFALL (IN)
  YESTERDAY       MM
  MONTH TO DATE   MM
  SINCE MAR 1     MM
  SINCE JUL 1     MM
  SNOW DEPTH      MM

DEGREE DAYS
 HEATING
  YESTERDAY       15                        20     -5       24
  MONTH TO DATE  447                       450     -3      436
  SINCE MAR 1   1421                      1406     15     1175
  SINCE JUL 1   6878                      7379   -501     6970

 COOLING
  YESTERDAY        0                         0      0        0
  MONTH TO DATE    0                         0      0        0
  SINCE MAR 1      0                         0      0        0
  SINCE JAN 1      0                         0      0        0
..................................................................


WIND (MPH)
  HIGHEST WIND SPEED    23   HIGHEST WIND DIRECTION    NE (30)
  HIGHEST GUST SPEED    30   HIGHEST GUST DIRECTION    NE (30)
  AVERAGE WIND SPEED     8.8


SKY COVER
  POSSIBLE SUNSHINE  MM
  AVERAGE SKY COVER 0.0


WEATHER CONDITIONS
 THE FOLLOWING WEATHER WAS RECORDED YESTERDAY.
  NO SIGNIFICANT WEATHER WAS OBSERVED.


RELATIVE HUMIDITY (PERCENT)
 HIGHEST    75           500 AM
 LOWEST     16           500 PM
 AVERAGE    46

..........................................................


THE REXBURG ID CLIMATE NORMALS FOR TODAY
                         NORMAL    RECORD    YEAR
 MAXIMUM TEMPERATURE (F)   58        76      2016
                                             2012
 MINIMUM TEMPERATURE (F)   32        19      2008


SUNRISE AND SUNSET
APRIL 21 2018.........SUNRISE   634 AM MDT   SUNSET   818 PM MDT
APRIL 22 2018.........SUNRISE   633 AM MDT   SUNSET   819 PM MDT


-  INDICATES NEGATIVE NUMBERS.
R  INDICATES RECORD WAS SET OR TIED.
MM INDICATES DATA IS MISSING.
T  INDICATES TRACE AMOUNT.




$$
