000
CDUS46 KSGX 191130
CLISAN


CLIMATE REPORT
NATIONAL WEATHER SERVICE SAN DIEGO, CA
430 AM PDT THU APR 19 2018


...................................

...THE SAN DIEGO INTL AIRPORT CA CLIMATE SUMMARY FOR APRIL 18 2018...

CLIMATE NORMAL PERIOD 1981 TO 2010
CLIMATE RECORD PERIOD 1874 TO 2018


WEATHER ITEM   OBSERVED TIME   RECORD YEAR NORMAL DEPARTURE LAST
                VALUE   (LST)  VALUE       VALUE  FROM      YEAR
                                                  NORMAL
..................................................................
TEMPERATURE (F)
 YESTERDAY
  MAXIMUM         65    254 PM  87    2016  68     -3       71
  MINIMUM         54    527 AM  44    1896  56     -2       62
                                      1878
  AVERAGE         60                        62     -2       67

PRECIPITATION (IN)
  YESTERDAY        0.00          0.42 1983   0.02  -0.02      T
  MONTH TO DATE    0.00                      0.56  -0.56     0.01
  SINCE OCT 1      3.18                      9.73  -6.55    11.71
  SINCE JAN 1      3.09                      6.62  -3.53     6.81

DEGREE DAYS
 HEATING
  YESTERDAY        5                         4      1        0
  MONTH TO DATE   27                        77    -50       19
  SINCE MAR 1    150                       255   -105       95
  SINCE JUL 1    601                      1113   -512      687

 COOLING
  YESTERDAY        0                         0      0        2
  MONTH TO DATE   22                         0     22        7
  SINCE MAR 1     23                         5     18       18
  SINCE JAN 1     40                        10     30       18
..................................................................


WIND (MPH)
  RESULTANT WIND SPEED   4   RESULTANT WIND DIRECTION  SW (220)
  HIGHEST WIND SPEED    15   HIGHEST WIND DIRECTION     S (190)
  HIGHEST GUST SPEED    18   HIGHEST GUST DIRECTION     S (180)
  AVERAGE WIND SPEED     6.2


SKY COVER
  POSSIBLE SUNSHINE  MM
  AVERAGE SKY COVER 0.3


WEATHER CONDITIONS
 THE FOLLOWING WEATHER WAS RECORDED YESTERDAY.
  NO SIGNIFICANT WEATHER WAS OBSERVED.


RELATIVE HUMIDITY (PERCENT)
 HIGHEST    72          1200 PM
 LOWEST     55          1200 AM
 AVERAGE    64

..........................................................


THE SAN DIEGO INTL AIRPORT CA CLIMATE NORMALS FOR TODAY
                         NORMAL    RECORD    YEAR
 MAXIMUM TEMPERATURE (F)   68        91      2009
 MINIMUM TEMPERATURE (F)   56        42      1880


SUNRISE AND SUNSET
APRIL 19 2018.........SUNRISE   614 AM PDT   SUNSET   722 PM PDT
APRIL 20 2018.........SUNRISE   613 AM PDT   SUNSET   722 PM PDT


-  INDICATES NEGATIVE NUMBERS.
R  INDICATES RECORD WAS SET OR TIED.
MM INDICATES DATA IS MISSING.
T  INDICATES TRACE AMOUNT.




$$
