000
CDUS46 KLOX 240125
CLISBA


CLIMATE REPORT
NATIONAL WEATHER SERVICE LOS ANGELES/OXNARD CA
625 PM PDT MON APR 23 2018


...................................

...THE SANTA BARBARA AIRPORT CA CLIMATE SUMMARY FOR APRIL 23 2018...
VALID TODAY AS OF 0600 PM LOCAL TIME.

CLIMATE NORMAL PERIOD 1981 TO 2010
CLIMATE RECORD PERIOD 1940 TO 2018


WEATHER ITEM   OBSERVED TIME   RECORD YEAR NORMAL DEPARTURE LAST
                VALUE   (LST)  VALUE       VALUE  FROM      YEAR
                                                  NORMAL
..................................................................
TEMPERATURE (F)
 TODAY
  MAXIMUM         64    201 PM  82    1995  68     -4       77
  MINIMUM         53    107 AM  37    1961  49      4       52
  AVERAGE         59                        58      1       65

PRECIPITATION (IN)
  TODAY            0.00          0.33 1988   0.03  -0.03     0.00
  MONTH TO DATE    T                         0.84  -0.84     0.41
  SINCE OCT 1      8.30                     16.78  -8.48    24.11
  SINCE JAN 1      8.23                     11.48  -3.25    19.30

SNOWFALL (IN)
  TODAY            0.0
  MONTH TO DATE    0.0
  SINCE MAR 1      0.0
  SINCE JUL 1      0.0

DEGREE DAYS
 HEATING
  TODAY            6                         7     -1        0
  MONTH TO DATE  125                       183    -58      128
  SINCE MAR 1    440                       479    -39      333
  SINCE JUL 1   1691                      2080   -389     1701

 COOLING
  TODAY            0                         0      0        0
  MONTH TO DATE   10                         0     10        7
  SINCE MAR 1     10                         2      8        7
  SINCE JAN 1     10                         2      8        7
..................................................................


WIND (MPH)
  HIGHEST WIND SPEED    15   HIGHEST WIND DIRECTION     W (260)
  HIGHEST GUST SPEED    18   HIGHEST GUST DIRECTION     W (260)
  AVERAGE WIND SPEED     7.1


SKY COVER
  POSSIBLE SUNSHINE  MM
  AVERAGE SKY COVER 0.7


WEATHER CONDITIONS
 THE FOLLOWING WEATHER WAS RECORDED TODAY.
  FOG
  HAZE


RELATIVE HUMIDITY (PERCENT)
 HIGHEST   100           300 AM
 LOWEST     73           200 PM
 AVERAGE    87

..........................................................


THE SANTA BARBARA AIRPORT CA CLIMATE NORMALS FOR TOMORROW
                         NORMAL    RECORD    YEAR
 MAXIMUM TEMPERATURE (F)   68        87      1985
 MINIMUM TEMPERATURE (F)   49        36      1960


SUNRISE AND SUNSET
APRIL 23 2018.........SUNRISE   618 AM PDT   SUNSET   738 PM PDT
APRIL 24 2018.........SUNRISE   617 AM PDT   SUNSET   738 PM PDT


-  INDICATES NEGATIVE NUMBERS.
R  INDICATES RECORD WAS SET OR TIED.
MM INDICATES DATA IS MISSING.
T  INDICATES TRACE AMOUNT.




$$
