000
CDUS43 KLMK 210627
CLISDF


CLIMATE REPORT
NATIONAL WEATHER SERVICE LOUISVILLE KY
226 AM EDT SAT APR 21 2018


...................................

...THE LOUISVILLE KY CLIMATE SUMMARY FOR APRIL 20 2018...

CLIMATE NORMAL PERIOD 1981 TO 2010
CLIMATE RECORD PERIOD 1871 TO 2018


WEATHER ITEM   OBSERVED TIME   RECORD YEAR NORMAL DEPARTURE LAST
                VALUE   (LST)  VALUE       VALUE  FROM      YEAR
                                                  NORMAL
..................................................................
TEMPERATURE (F)
 YESTERDAY
  MAXIMUM         64    519 PM  87    1976  70     -6       85
                                      1896
  MINIMUM         36    615 AM  28    1897  49    -13       68
  AVERAGE         50                        60    -10       77

PRECIPITATION (IN)
  YESTERDAY        0.00          2.78 1892   0.13  -0.13      T
  MONTH TO DATE    2.59                      2.53   0.06     2.33
  SINCE MAR 1      7.64                      6.70   0.94     6.01
  SINCE JAN 1     19.94                     13.12   6.82    12.28

SNOWFALL (IN)
  YESTERDAY        0.0           T    1953   0.0    0.0      0.0
  MONTH TO DATE    1.2                       0.1    1.1      0.0
  SINCE MAR 1     13.1                       1.5   11.6       T
  SINCE JUL 1     19.1                      12.5    6.6      2.7
  SNOW DEPTH       0

DEGREE DAYS
 HEATING
  YESTERDAY       15                         7      8        0
  MONTH TO DATE  306                       190    116       66
  SINCE MAR 1    907                       728    179      524
  SINCE JUL 1   3995                      3969     26     2989

 COOLING
  YESTERDAY        0                         2     -2       12
  MONTH TO DATE   19                        21     -2       73
  SINCE MAR 1     19                        27     -8       84
  SINCE JAN 1     31                        27      4       89
..................................................................


WIND (MPH)
  HIGHEST WIND SPEED    15   HIGHEST WIND DIRECTION     N (10)
  HIGHEST GUST SPEED    25   HIGHEST GUST DIRECTION     N (10)
  AVERAGE WIND SPEED     7.5


SKY COVER
  POSSIBLE SUNSHINE  MM
  AVERAGE SKY COVER 0.2


WEATHER CONDITIONS
 THE FOLLOWING WEATHER WAS RECORDED YESTERDAY.
  NO SIGNIFICANT WEATHER WAS OBSERVED.


RELATIVE HUMIDITY (PERCENT)
 HIGHEST    59           700 AM
 LOWEST     20           500 PM
 AVERAGE    40

..........................................................


THE LOUISVILLE KY CLIMATE NORMALS FOR TODAY
                         NORMAL    RECORD    YEAR
 MAXIMUM TEMPERATURE (F)   71        86      1987
                                             1963
                                             1902
 MINIMUM TEMPERATURE (F)   49        32      1888


SUNRISE AND SUNSET
APRIL 21 2018.........SUNRISE   659 AM EDT   SUNSET   825 PM EDT
APRIL 22 2018.........SUNRISE   658 AM EDT   SUNSET   826 PM EDT


-  INDICATES NEGATIVE NUMBERS.
R  INDICATES RECORD WAS SET OR TIED.
MM INDICATES DATA IS MISSING.
T  INDICATES TRACE AMOUNT.




$$
