000
CDUS43 KSGF 220627
CLISGF


CLIMATE REPORT
NATIONAL WEATHER SERVICE SPRINGFIELD MO
126 AM CDT SUN APR 22 2018


...................................

...THE SPRINGFIELD MO CLIMATE SUMMARY FOR APRIL 21 2018...

CLIMATE NORMAL PERIOD 1981 TO 2010
CLIMATE RECORD PERIOD 1888 TO 2018


WEATHER ITEM   OBSERVED TIME   RECORD YEAR NORMAL DEPARTURE LAST
                VALUE   (LST)  VALUE       VALUE  FROM      YEAR
                                                  NORMAL
..................................................................
TEMPERATURE (F)
 YESTERDAY
  MAXIMUM         68    232 PM  93    1963  69     -1       59
  MINIMUM         51    501 AM  28    1978  46      5       47
                                      1966
  AVERAGE         60                        58      2       53

PRECIPITATION (IN)
  YESTERDAY        0.07          1.97 2017   0.15  -0.08     1.97
  MONTH TO DATE    1.04                      2.83  -1.79     5.02
  SINCE MAR 1      4.65                      6.45  -1.80     9.81
  SINCE JAN 1     14.18                     11.44   2.74    14.27

SNOWFALL (IN)
  YESTERDAY        0.0
  MONTH TO DATE    0.7
  SINCE MAR 1      0.7
  SINCE JUL 1      6.1
  SNOW DEPTH       0

DEGREE DAYS
 HEATING
  YESTERDAY        5                         8     -3       12
  MONTH TO DATE  364                       237    127      102
  SINCE MAR 1    900                       818     82      518
  SINCE JUL 1   4189                      4411   -222     3207

 COOLING
  YESTERDAY        0                         1     -1        0
  MONTH TO DATE   10                        14     -4       32
  SINCE MAR 1     10                        17     -7       38
  SINCE JAN 1     11                        17     -6       47
..................................................................


WIND (MPH)
  HIGHEST WIND SPEED    20   HIGHEST WIND DIRECTION    SE (150)
  HIGHEST GUST SPEED    28   HIGHEST GUST DIRECTION    SE (140)
  AVERAGE WIND SPEED    10.3


SKY COVER
  AVERAGE SKY COVER 0.3


WEATHER CONDITIONS
 THE FOLLOWING WEATHER WAS RECORDED YESTERDAY.
  LIGHT RAIN


RELATIVE HUMIDITY (PERCENT)
 HIGHEST    77           900 PM
 LOWEST     32          1200 AM
 AVERAGE    55

..........................................................


THE SPRINGFIELD MO CLIMATE NORMALS FOR TODAY
                         NORMAL    RECORD    YEAR
 MAXIMUM TEMPERATURE (F)   69        89      1963
 MINIMUM TEMPERATURE (F)   46        30      1986
                                             1982


SUNRISE AND SUNSET
APRIL 22 2018.........SUNRISE   630 AM CDT   SUNSET   755 PM CDT
APRIL 23 2018.........SUNRISE   628 AM CDT   SUNSET   756 PM CDT


-  INDICATES NEGATIVE NUMBERS.
R  INDICATES RECORD WAS SET OR TIED.
MM INDICATES DATA IS MISSING.
T  INDICATES TRACE AMOUNT.




$$
