000
CDUS44 KSHV 200749
CLISHV


CLIMATE REPORT
NATIONAL WEATHER SERVICE SHREVEPORT, LA
249 AM CDT FRI APR 20 2018


...................................

...THE SHREVEPORT CLIMATE SUMMARY FOR APRIL 19 2018...

CLIMATE NORMAL PERIOD 1981 TO 2010
CLIMATE RECORD PERIOD 1874 TO 2018


WEATHER ITEM   OBSERVED TIME   RECORD YEAR NORMAL DEPARTURE LAST
                VALUE   (LST)  VALUE       VALUE  FROM      YEAR
                                                  NORMAL
..................................................................
TEMPERATURE (F)
 YESTERDAY
  MAXIMUM         70    340 PM  93    1987  78     -8       86
  MINIMUM         51   1154 PM  38    1953  55     -4       64
  AVERAGE         61                        66     -5       75

PRECIPITATION (IN)
  YESTERDAY        0.00          2.11 1986   0.13  -0.13     0.00
  MONTH TO DATE    3.49                      2.62   0.87     3.18
  SINCE DEC 1     24.90                     20.48   4.42    11.91
  SINCE JAN 1     20.78                     15.71   5.07     8.77

SNOWFALL (IN)
  YESTERDAY        0.0
  MONTH TO DATE    T
  SINCE MAR 1      T
  SINCE JUL 1      1.8
  SNOW DEPTH       0

DEGREE DAYS
 HEATING
  YESTERDAY        4                         2      2        0
  MONTH TO DATE  107                        70     37       17
  SINCE MAR 1    249                       321    -72      151
  SINCE JUL 1   2009                      2203   -194     1182

 COOLING
  YESTERDAY        0                         3     -3       10
  MONTH TO DATE   36                        48    -12      100
  SINCE MAR 1     98                        79     19      201
  SINCE JAN 1    136                        89     47      271
..................................................................


WIND (MPH)
  HIGHEST WIND SPEED    21   HIGHEST WIND DIRECTION     N (10)
  HIGHEST GUST SPEED    25   HIGHEST GUST DIRECTION     N (20)
  AVERAGE WIND SPEED    11.3


SKY COVER
  POSSIBLE SUNSHINE  MM
  AVERAGE SKY COVER 0.3


WEATHER CONDITIONS
 THE FOLLOWING WEATHER WAS RECORDED YESTERDAY.
  NO SIGNIFICANT WEATHER WAS OBSERVED.


RELATIVE HUMIDITY (PERCENT)
 HIGHEST    59           600 AM
 LOWEST     31          1100 AM
 AVERAGE    45

..........................................................


THE SHREVEPORT CLIMATE NORMALS FOR TODAY
                         NORMAL    RECORD    YEAR
 MAXIMUM TEMPERATURE (F)   78        94      1987
 MINIMUM TEMPERATURE (F)   55        38      2013


SUNRISE AND SUNSET
APRIL 20 2018.........SUNRISE   640 AM CDT   SUNSET   749 PM CDT
APRIL 21 2018.........SUNRISE   639 AM CDT   SUNSET   749 PM CDT


-  INDICATES NEGATIVE NUMBERS.
R  INDICATES RECORD WAS SET OR TIED.
MM INDICATES DATA IS MISSING.
T  INDICATES TRACE AMOUNT.




$$
