000
CDUS46 KSGX 280022
CLISNA


CLIMATE REPORT
NATIONAL WEATHER SERVICE SAN DIEGO, CA
522 PM PDT SUN MAY 27 2018


...................................

...THE JOHN WAYNE AIRPORT CA CLIMATE SUMMARY FOR MAY 27 2018...
VALID TODAY AS OF 0500 PM LOCAL TIME.

CLIMATE NORMAL PERIOD 1981 TO 2010
CLIMATE RECORD PERIOD 1999 TO 2018


WEATHER ITEM   OBSERVED TIME   RECORD YEAR NORMAL DEPARTURE LAST
                VALUE   (LST)  VALUE       VALUE  FROM      YEAR
                                                  NORMAL
..................................................................
TEMPERATURE (F)
 TODAY
  MAXIMUM         72    232 PM  85    2000  72      0       70
  MINIMUM         59    158 AM  54    2008  60     -1       61
  AVERAGE         66                        66      0       66

PRECIPITATION (IN)
  TODAY            0.00          0.00 2006   0.00   0.00     0.00
  MONTH TO DATE    0.06                      0.23  -0.17     0.08
  SINCE OCT 1      2.77                     12.96 -10.19    15.88
  SINCE JAN 1      2.76                      8.88  -6.12     9.69

DEGREE DAYS
 HEATING
  TODAY            0                         1     -1        0
  MONTH TO DATE   38                        38      0       24
  SINCE MAR 1    245                       339    -94      138
  SINCE JUL 1    709                      1245   -536      879

 COOLING
  TODAY            1                         1      0        1
  MONTH TO DATE   16                        27    -11       47
  SINCE MAR 1     43                        48     -5      108
  SINCE JAN 1     69                        56     13      108
..................................................................


WIND (MPH)
  RESULTANT WIND SPEED   3   RESULTANT WIND DIRECTION   S (180)
  HIGHEST WIND SPEED    13   HIGHEST WIND DIRECTION    SW (220)
  HIGHEST GUST SPEED    17   HIGHEST GUST DIRECTION     S (200)
  AVERAGE WIND SPEED     5.7


SKY COVER
  POSSIBLE SUNSHINE  MM
  AVERAGE SKY COVER 0.7


WEATHER CONDITIONS
 THE FOLLOWING WEATHER WAS RECORDED TODAY.
  NO SIGNIFICANT WEATHER WAS OBSERVED.


RELATIVE HUMIDITY (PERCENT)
 HIGHEST    80           100 AM
 LOWEST     57          1200 PM
 AVERAGE    69

..........................................................


THE JOHN WAYNE AIRPORT CA CLIMATE NORMALS FOR TOMORROW
                         NORMAL    RECORD    YEAR
 MAXIMUM TEMPERATURE (F)   72        83      2000
 MINIMUM TEMPERATURE (F)   60        55      2008


SUNRISE AND SUNSET
MAY 27 2018...........SUNRISE   544 AM PDT   SUNSET   754 PM PDT
MAY 28 2018...........SUNRISE   544 AM PDT   SUNSET   754 PM PDT


-  INDICATES NEGATIVE NUMBERS.
R  INDICATES RECORD WAS SET OR TIED.
MM INDICATES DATA IS MISSING.
T  INDICATES TRACE AMOUNT.




$$
