000
CDUS46 KMTR 200828
CLISNS


CLIMATE REPORT
NATIONAL WEATHER SERVICE SAN FRANCISCO BAY AREA
127 AM PDT SUN MAY 20 2018


...................................

...THE SALINAS AIRPORT CLIMATE SUMMARY FOR MAY 19 2018...

CLIMATE NORMAL PERIOD 1981 TO 2010
CLIMATE RECORD PERIOD 1930 TO 2018


WEATHER ITEM   OBSERVED TIME   RECORD YEAR NORMAL DEPARTURE LAST
                VALUE   (LST)  VALUE       VALUE  FROM      YEAR
                                                  NORMAL
..................................................................
TEMPERATURE (F)
 YESTERDAY
  MAXIMUM         63    330 PM  93    1931  68     -5       80
  MINIMUM         54    625 AM  36    1939  51      3       47
  AVERAGE         59                        60     -1       64

PRECIPITATION (IN)
  YESTERDAY        0.00          0.14 1957   0.01  -0.01     0.00
  MONTH TO DATE    T                         0.25  -0.25      T
  SINCE OCT 1      7.13                     12.44  -5.31    16.36
  SINCE JAN 1      6.35                      8.53  -2.18    12.36

DEGREE DAYS
 HEATING
  YESTERDAY        6                         6      0        1
  MONTH TO DATE   95                       121    -26      103
  SINCE MAR 1    636                       696    -60      530
  SINCE JUL 1   2024                      2510   -486     2292

 COOLING
  YESTERDAY        0                         0      0        0
  MONTH TO DATE    0                         0      0       14
  SINCE MAR 1      6                         7     -1       18
  SINCE JAN 1      6                         7     -1       18
..................................................................


WIND (MPH)
  RESULTANT WIND SPEED  12   RESULTANT WIND DIRECTION   W (280)
  HIGHEST WIND SPEED    20   HIGHEST WIND DIRECTION     W (270)
  HIGHEST GUST SPEED    24   HIGHEST GUST DIRECTION     W (260)
  AVERAGE WIND SPEED    12.0


SKY COVER
  POSSIBLE SUNSHINE  MM
  AVERAGE SKY COVER 1.0


WEATHER CONDITIONS
 THE FOLLOWING WEATHER WAS RECORDED YESTERDAY.
  NO SIGNIFICANT WEATHER WAS OBSERVED.


RELATIVE HUMIDITY (PERCENT)
 HIGHEST    89           100 AM
 LOWEST     60          1100 AM
 AVERAGE    75

..........................................................


THE SALINAS AIRPORT CLIMATE NORMALS FOR TODAY
                         NORMAL    RECORD    YEAR
 MAXIMUM TEMPERATURE (F)   69        99      1942
 MINIMUM TEMPERATURE (F)   51        37      1936


SUNRISE AND SUNSET
MAY 20 2018...........SUNRISE   555 AM PDT   SUNSET   811 PM PDT
MAY 21 2018...........SUNRISE   555 AM PDT   SUNSET   812 PM PDT


-  INDICATES NEGATIVE NUMBERS.
R  INDICATES RECORD WAS SET OR TIED.
MM INDICATES DATA IS MISSING.
T  INDICATES TRACE AMOUNT.




$$
