000
CDUS42 KTBW 252112
CLISRQ


CLIMATE REPORT
NATIONAL WEATHER SERVICE TAMPA BAY FL
510 PM EDT WED APR 25 2018


...................................

...THE SARASOTA BRADENTON CLIMATE SUMMARY FOR APRIL 25 2018...
VALID TODAY AS OF 0500 PM LOCAL TIME.

CLIMATE NORMAL PERIOD 1981 TO 2010
CLIMATE RECORD PERIOD 1911 TO 2018


WEATHER ITEM   OBSERVED TIME   RECORD YEAR NORMAL DEPARTURE LAST
                VALUE   (LST)  VALUE       VALUE  FROM      YEAR
                                                  NORMAL
..................................................................
TEMPERATURE (F)
 TODAY
  MAXIMUM         79    203 PM  94    1999  82     -3       78
  MINIMUM         66    616 AM  48    1998  63      3       63
                                      1986
  AVERAGE         73                        73      0       71

PRECIPITATION (IN)
  TODAY            0.00          1.18 1954   0.08  -0.08     0.00
  MONTH TO DATE    2.52                      2.13   0.39      T
  SINCE MAR 1      4.82                      5.99  -1.17     0.74
  SINCE JAN 1      7.91                     11.18  -3.27     3.23

DEGREE DAYS
 HEATING
  TODAY            0                         0      0        0
  MONTH TO DATE    0                         8     -8        1
  SINCE MAR 1     90                        57     33       54
  SINCE JUL 1    389                       475    -86      202

 COOLING
  TODAY            8                         8      0        6
  MONTH TO DATE  193                       153     40      232
  SINCE MAR 1    277                       253     24      349
  SINCE JAN 1    517                       357    160      523
..................................................................


WIND (MPH)
  RESULTANT WIND SPEED  10   RESULTANT WIND DIRECTION  NW (300)
  HIGHEST WIND SPEED    17   HIGHEST WIND DIRECTION    NW (300)
  HIGHEST GUST SPEED    24   HIGHEST GUST DIRECTION     W (270)
  AVERAGE WIND SPEED    10.7


SKY COVER
  POSSIBLE SUNSHINE  MM
  AVERAGE SKY COVER 0.2


WEATHER CONDITIONS
 THE FOLLOWING WEATHER WAS RECORDED TODAY.
  NO SIGNIFICANT WEATHER WAS OBSERVED.


RELATIVE HUMIDITY (PERCENT)
 HIGHEST    81           500 AM
 LOWEST     48           200 PM

..........................................................


THE SARASOTA BRADENTON CLIMATE NORMALS FOR TOMORROW
                         NORMAL    RECORD    YEAR
 MAXIMUM TEMPERATURE (F)   82        91      1999
                                             1958
 MINIMUM TEMPERATURE (F)   63        47      1983


SUNRISE AND SUNSET
APRIL 25 2018.........SUNRISE   656 AM EDT   SUNSET   800 PM EDT
APRIL 26 2018.........SUNRISE   655 AM EDT   SUNSET   801 PM EDT


-  INDICATES NEGATIVE NUMBERS.
R  INDICATES RECORD WAS SET OR TIED.
MM INDICATES DATA IS MISSING.
T  INDICATES TRACE AMOUNT.




$$


&&
------------------------------------------------------------------
******************** SUPPLEMENTAL DATA ***************************

...GULF WATER TEMPERATURE AT VENICE 78 DEGREES
