764
CDUS42 KJAX 262131
CLISSI


CLIMATE REPORT
NATIONAL WEATHER SERVICE JACKSONVILLE FL
530 PM EDT THU APR 26 2018


...................................

...THE ST SIMONS ISLAND CLIMATE SUMMARY FOR APRIL 26 2018...
VALID TODAY AS OF 0500 PM LOCAL TIME.

CLIMATE NORMAL PERIOD 1981 TO 2010
CLIMATE RECORD PERIOD 1948 TO 2018


WEATHER ITEM   OBSERVED TIME   RECORD YEAR NORMAL DEPARTURE LAST
                VALUE   (LST)  VALUE       VALUE  FROM      YEAR
                                                  NORMAL
..................................................................
TEMPERATURE (F)
 TODAY
  MAXIMUM         74    326 PM  91    1989  77     -3       79
  MINIMUM         58    615 AM  49    1974  61     -3       64
  AVERAGE         66                        69     -3       72

PRECIPITATION (IN)
  TODAY            0.00          1.11 1988   0.06  -0.06     0.00
  MONTH TO DATE    4.16                      2.23   1.93     1.59
  SINCE MAR 1      5.96                      6.11  -0.15     2.25
  SINCE JAN 1     10.75                     12.80  -2.05     8.11

SNOWFALL (IN)
  TODAY            0.0           0.0    MM                   0.0
  MONTH TO DATE    0.0                                       0.0
  SINCE MAR 1      0.0                                       0.0
  SINCE JUL 1      0.0                                       0.0

DEGREE DAYS
 HEATING
  TODAY            0                         1     -1        0
  MONTH TO DATE   45                        53     -8       12
  SINCE MAR 1    243                       230     13      166
  SINCE JUL 1   1296                      1481   -185      781

 COOLING
  TODAY            1                         5     -4        7
  MONTH TO DATE   77                        82     -5      150
  SINCE MAR 1    108                       113     -5      235
  SINCE JAN 1    170                       122     48      287
..................................................................


WIND (MPH)
  HIGHEST WIND SPEED    16   HIGHEST WIND DIRECTION    SE (150)
  HIGHEST GUST SPEED    22   HIGHEST GUST DIRECTION    SE (140)
  AVERAGE WIND SPEED     6.2


SKY COVER
  POSSIBLE SUNSHINE  MM
  AVERAGE SKY COVER 0.0


WEATHER CONDITIONS
 THE FOLLOWING WEATHER WAS RECORDED TODAY.
  NO SIGNIFICANT WEATHER WAS OBSERVED.


RELATIVE HUMIDITY (PERCENT)
 HIGHEST    90           700 AM
 LOWEST     53          1100 AM
 AVERAGE    72

..........................................................


THE ST SIMONS ISLAND CLIMATE NORMALS FOR TOMORROW
                         NORMAL    RECORD    YEAR
 MAXIMUM TEMPERATURE (F)   78        94      1986
 MINIMUM TEMPERATURE (F)   61        48      2001


SUNRISE AND SUNSET
APRIL 26 2018.........SUNRISE   646 AM EDT   SUNSET   801 PM EDT
APRIL 27 2018.........SUNRISE   645 AM EDT   SUNSET   802 PM EDT


-  INDICATES NEGATIVE NUMBERS.
R  INDICATES RECORD WAS SET OR TIED.
MM INDICATES DATA IS MISSING.
T  INDICATES TRACE AMOUNT.




$$
