000
CDUS43 KEAX 230032
CLISTJ


CLIMATE REPORT
NATIONAL WEATHER SERVICE KANSAS CITY/PLEASANT HILL MO
732 PM CDT SUN APR 22 2018


...................................

...THE ST. JOSEPH MO CLIMATE SUMMARY FOR APRIL 22 2018...
VALID TODAY AS OF 0700 PM LOCAL TIME.

CLIMATE NORMAL PERIOD 1981 TO 2010
CLIMATE RECORD PERIOD 1892 TO 2018


WEATHER ITEM   OBSERVED TIME   RECORD YEAR NORMAL DEPARTURE LAST
                VALUE   (LST)  VALUE       VALUE  FROM      YEAR
                                                  NORMAL
..................................................................
TEMPERATURE (F)
 TODAY
  MAXIMUM         71    417 PM  93    1989  68      3       66
  MINIMUM         50    621 AM  25    1986  45      5       39
  AVERAGE         61                        56      5       53

PRECIPITATION (IN)
  TODAY            0.00          1.76 1944   0.15  -0.15      T
  MONTH TO DATE    0.23                      2.46  -2.23     2.83
  SINCE MAR 1      0.58                      4.71  -4.13     5.40
  SINCE JAN 1      2.04                      6.20  -4.16     6.42

DEGREE DAYS
 HEATING
  TODAY            4                        10     -6       12
  MONTH TO DATE  506                       279    227      174
  SINCE MAR 1   1203                       964    239      741
  SINCE JUL 1   5074                      5272   -198     4038

 COOLING
  TODAY            0                         1     -1        0
  MONTH TO DATE    2                        15    -13       14
  SINCE MAR 1      2                        17    -15       18
  SINCE JAN 1      2                        17    -15       18
..................................................................


WIND (MPH)
  HIGHEST WIND SPEED    20   HIGHEST WIND DIRECTION     E (70)
  HIGHEST GUST SPEED    27   HIGHEST GUST DIRECTION    NE (50)
  AVERAGE WIND SPEED    10.1


SKY COVER
  AVERAGE SKY COVER 0.8


WEATHER CONDITIONS
 THE FOLLOWING WEATHER WAS RECORDED TODAY.
  NO SIGNIFICANT WEATHER WAS OBSERVED.


RELATIVE HUMIDITY (PERCENT)
 HIGHEST    50           700 AM
 LOWEST     37           400 PM
 AVERAGE    44

..........................................................


THE ST. JOSEPH MO CLIMATE NORMALS FOR TOMORROW
                         NORMAL    RECORD    YEAR
 MAXIMUM TEMPERATURE (F)   68        92      1950
 MINIMUM TEMPERATURE (F)   45        30      1996


SUNRISE AND SUNSET
APRIL 22 2018.........SUNRISE   632 AM CDT   SUNSET   805 PM CDT
APRIL 23 2018.........SUNRISE   631 AM CDT   SUNSET   806 PM CDT


-  INDICATES NEGATIVE NUMBERS.
R  INDICATES RECORD WAS SET OR TIED.
MM INDICATES DATA IS MISSING.
T  INDICATES TRACE AMOUNT.




$$
