292
CDUS45 KPUB 231036
CLITAD


CLIMATE REPORT
NATIONAL WEATHER SERVICE PUEBLO
436 AM MDT MON APR 23 2018


...................................

...THE TRINIDAD CO CLIMATE SUMMARY FOR APRIL 22 2018...

CLIMATE NORMAL PERIOD 1981 TO 2010
CLIMATE RECORD PERIOD 9999 TO 9999


WEATHER ITEM   OBSERVED TIME   NORMAL DEPARTURE LAST
                VALUE   (LST)  VALUE  FROM      YEAR
                                      NORMAL
......................................................
TEMPERATURE (F)
 YESTERDAY
  MAXIMUM         68    234 PM  67      1       54
  MINIMUM         30    533 AM  36     -6       36
  AVERAGE         49            52     -3       45

PRECIPITATION (IN)
  YESTERDAY        0.00          0.05  -0.05     0.02
  MONTH TO DATE    0.21          0.80  -0.59     1.40
  SINCE MAR 1      0.86          1.69  -0.83     3.31
  SINCE JAN 1      1.28          2.58  -1.30     4.87

DEGREE DAYS
 HEATING
  YESTERDAY       16            14      2       20
  MONTH TO DATE  356           364     -8      267
  SINCE MAR 1    945          1071   -126      738
  SINCE JUL 1   4469          5193   -724     4194

 COOLING
  YESTERDAY        0             0      0        0
  MONTH TO DATE    1             0      1        2
  SINCE MAR 1      1             0      1        3
  SINCE JAN 1      1             0      1        3
......................................................


WIND (MPH)
  HIGHEST WIND SPEED    21   HIGHEST WIND DIRECTION     N (10)
  HIGHEST GUST SPEED    29   HIGHEST GUST DIRECTION     N (10)
  AVERAGE WIND SPEED     8.2


SKY COVER
  POSSIBLE SUNSHINE  MM
  AVERAGE SKY COVER 0.2


WEATHER CONDITIONS
 THE FOLLOWING WEATHER WAS RECORDED YESTERDAY.
  NO SIGNIFICANT WEATHER WAS OBSERVED.


RELATIVE HUMIDITY (PERCENT)
 HIGHEST   100           200 AM
 LOWEST     20           300 PM
 AVERAGE    60

..........................................................




SUNRISE AND SUNSET
APRIL 23 2018.........SUNRISE   612 AM MDT   SUNSET   740 PM MDT
APRIL 24 2018.........SUNRISE   611 AM MDT   SUNSET   741 PM MDT


-  INDICATES NEGATIVE NUMBERS.
R  INDICATES RECORD WAS SET OR TIED.
MM INDICATES DATA IS MISSING.
T  INDICATES TRACE AMOUNT.




$$
