676
CDUS41 KCLE 210537
CLITOL


CLIMATE REPORT
NATIONAL WEATHER SERVICE CLEVELAND OH
126 AM EDT MON MAY 21 2018


...................................

...THE TOLEDO OH CLIMATE SUMMARY FOR MAY 20 2018...

CLIMATE NORMAL PERIOD 1981 TO 2010
CLIMATE RECORD PERIOD 1873 TO 2018


WEATHER ITEM   OBSERVED TIME   RECORD YEAR NORMAL DEPARTURE LAST
                VALUE   (LST)  VALUE       VALUE  FROM      YEAR
                                                  NORMAL
..................................................................
TEMPERATURE (F)
 YESTERDAY
  MAXIMUM         67    133 PM  92    1962  72     -5       61
  MINIMUM         58   1159 PM  33    1981  50      8       47
  AVERAGE         63                        61      2       54

PRECIPITATION (IN)
  YESTERDAY        T                         0.12  -0.12     0.31
  MONTH TO DATE    4.94                      2.24   2.70     3.79
  SINCE MAR 1     10.75                      7.91   2.84    10.90
  SINCE JAN 1     15.74                     12.03   3.71    16.67

SNOWFALL (IN)
  YESTERDAY        0.0                       0.0    0.0      0.0
  MONTH TO DATE    0.0                       0.1   -0.1      0.0
  SINCE MAR 1      3.5                       7.1   -3.6      5.4
  SINCE JUL 1     34.3                      37.6   -3.3     22.4
  SNOW DEPTH       0

DEGREE DAYS
 HEATING
  YESTERDAY        2                         6     -4       11
  MONTH TO DATE   59                       160   -101      217
  SINCE MAR 1   1628                      1486    142     1427
  SINCE JUL 1   6032                      6062    -30     5272

 COOLING
  YESTERDAY        0                         2     -2        0
  MONTH TO DATE   30                        19     11       30
  SINCE MAR 1     30                        27      3       38
  SINCE JAN 1     30                        27      3       38
..................................................................


WIND (MPH)
  HIGHEST WIND SPEED    13   HIGHEST WIND DIRECTION     E (80)
  HIGHEST GUST SPEED    16   HIGHEST GUST DIRECTION     E (70)
  AVERAGE WIND SPEED     6.7


SKY COVER
  POSSIBLE SUNSHINE  MM
  AVERAGE SKY COVER 0.9


WEATHER CONDITIONS
 THE FOLLOWING WEATHER WAS RECORDED YESTERDAY.
  LIGHT RAIN


RELATIVE HUMIDITY (PERCENT)
 HIGHEST   100          1200 AM
 LOWEST     81          1000 AM
 AVERAGE    91

..........................................................


THE TOLEDO OH CLIMATE NORMALS FOR TODAY
                         NORMAL    RECORD    YEAR
 MAXIMUM TEMPERATURE (F)   73        93      1941
 MINIMUM TEMPERATURE (F)   50        32      1967
                                             1964
                                             1883


SUNRISE AND SUNSET
MAY 21 2018...........SUNRISE   610 AM EDT   SUNSET   854 PM EDT
MAY 22 2018...........SUNRISE   610 AM EDT   SUNSET   855 PM EDT


-  INDICATES NEGATIVE NUMBERS.
R  INDICATES RECORD WAS SET OR TIED.
MM INDICATES DATA IS MISSING.
T  INDICATES TRACE AMOUNT.




$$
