000
CDUS46 KSGX 210021
CLITRM


CLIMATE REPORT
NATIONAL WEATHER SERVICE SAN DIEGO, CA
521 PM PDT FRI APR 20 2018


...................................

...THE THERMAL AIRPORT CA CLIMATE SUMMARY FOR APRIL 20 2018...
VALID TODAY AS OF 0500 PM LOCAL TIME.

CLIMATE NORMAL PERIOD 1981 TO 2010
CLIMATE RECORD PERIOD 1950 TO 2018


WEATHER ITEM   OBSERVED TIME   RECORD YEAR NORMAL DEPARTURE LAST
                VALUE   (LST)  VALUE       VALUE  FROM      YEAR
                                                  NORMAL
..................................................................
TEMPERATURE (F)
 TODAY
  MAXIMUM         91    359 PM 106    1958  88      3       96
  MINIMUM         58    526 AM  40    2000  54      4       59
  AVERAGE         75                        71      4       78

PRECIPITATION (IN)
  TODAY            0.00          0.02 1957   0.00   0.00     0.00
  MONTH TO DATE    0.00                      0.05  -0.05     0.00
  SINCE OCT 1      0.41                      2.57  -2.16     3.69
  SINCE JAN 1      0.41                      1.76  -1.35     2.01

DEGREE DAYS
 HEATING
  TODAY            0                         0      0        0
  MONTH TO DATE    0                        19    -19        0
  SINCE MAR 1     48                       111    -63       34
  SINCE JUL 1    611                      1176   -565      899

 COOLING
  TODAY           10                         7      3       13
  MONTH TO DATE  219                       101    118      172
  SINCE MAR 1    335                       163    172      362
  SINCE JAN 1    366                       175    191      394
..................................................................


WIND (MPH)
  RESULTANT WIND SPEED   7   RESULTANT WIND DIRECTION  NW (320)
  HIGHEST WIND SPEED    16   HIGHEST WIND DIRECTION    NW (330)
  HIGHEST GUST SPEED    24   HIGHEST GUST DIRECTION     W (280)
  AVERAGE WIND SPEED     8.1


SKY COVER
  POSSIBLE SUNSHINE  MM
  AVERAGE SKY COVER 0.0


WEATHER CONDITIONS
 THE FOLLOWING WEATHER WAS RECORDED TODAY.
  NO SIGNIFICANT WEATHER WAS OBSERVED.


RELATIVE HUMIDITY (PERCENT)
 HIGHEST    47           400 AM
 LOWEST      9           400 PM
 AVERAGE    28

..........................................................


THE THERMAL AIRPORT CA CLIMATE NORMALS FOR TOMORROW
                         NORMAL    RECORD    YEAR
 MAXIMUM TEMPERATURE (F)   89       107      2012
                                             2009
 MINIMUM TEMPERATURE (F)   55        45      2002


SUNRISE AND SUNSET
APRIL 20 2018.........SUNRISE   608 AM PDT   SUNSET   720 PM PDT
APRIL 21 2018.........SUNRISE   607 AM PDT   SUNSET   720 PM PDT


-  INDICATES NEGATIVE NUMBERS.
R  INDICATES RECORD WAS SET OR TIED.
MM INDICATES DATA IS MISSING.
T  INDICATES TRACE AMOUNT.




$$
