000
CDUS44 KTSA 262131
CLITUL

CLIMATE REPORT
NATIONAL WEATHER SERVICE TULSA OK
417 PM CDT THU APR 26 2018


...................................

...THE TULSA OKLAHOMA CLIMATE SUMMARY FOR APRIL 26 2018...
VALID TODAY AS OF 0400 PM LOCAL TIME.

CLIMATE NORMAL PERIOD 1981 TO 2010
CLIMATE RECORD PERIOD 1882 TO 2018


WEATHER ITEM   OBSERVED TIME   RECORD YEAR NORMAL DEPARTURE LAST
                VALUE   (LST)  VALUE       VALUE  FROM      YEAR
                                                  NORMAL
..................................................................
TEMPERATURE (F)
 TODAY
  MAXIMUM         65    242 PM  91    1987  75    -10       61
  MINIMUM         47    408 AM  35    1910  53     -6       45
  AVERAGE         56                        64     -8       53

PRECIPITATION (IN)
  TODAY            0.00          2.09 1915   0.15  -0.15     0.02
  MONTH TO DATE    1.76                      3.15  -1.39     6.98
  SINCE MAR 1      5.07                      6.44  -1.37     8.75
  SINCE JAN 1     10.15                      9.95   0.20    13.35

SNOWFALL (IN)
  TODAY            0.0                                       0.0
  MONTH TO DATE    0.1                                        T
  SINCE MAR 1      0.1                                        T
  SINCE JUL 1      2.1                                       0.7

DEGREE DAYS
 HEATING
  TODAY            9                         4      5       12
  MONTH TO DATE  337                       174    163       95
  SINCE MAR 1    706                       612     94      389
  SINCE JUL 1   3414                      3523   -109     2610

 COOLING
  TODAY            0                         2     -2        0
  MONTH TO DATE   15                        41    -26       62
  SINCE MAR 1     18                        52    -34      102
  SINCE JAN 1     23                        53    -30      118
..................................................................


WIND (MPH)
  HIGHEST WIND SPEED    15   HIGHEST WIND DIRECTION    NW (300)
  HIGHEST GUST SPEED    18   HIGHEST GUST DIRECTION    NW (300)
  AVERAGE WIND SPEED     6.9


SKY COVER
  POSSIBLE SUNSHINE  MM
  AVERAGE SKY COVER 0.9


WEATHER CONDITIONS
 THE FOLLOWING WEATHER WAS RECORDED TODAY.
  NO SIGNIFICANT WEATHER WAS OBSERVED.


RELATIVE HUMIDITY (PERCENT)
 HIGHEST    93           400 AM
 LOWEST     52           300 PM
 AVERAGE    73

..........................................................


THE TULSA OKLAHOMA CLIMATE NORMALS FOR TOMORROW
                         NORMAL    RECORD    YEAR
 MAXIMUM TEMPERATURE (F)   75        92      1966
 MINIMUM TEMPERATURE (F)   53        36      1920
                                             1910


SUNRISE AND SUNSET
APRIL 26 2018.........SUNRISE   636 AM CDT   SUNSET   807 PM CDT
APRIL 27 2018.........SUNRISE   635 AM CDT   SUNSET   808 PM CDT


-  INDICATES NEGATIVE NUMBERS.
R  INDICATES RECORD WAS SET OR TIED.
MM INDICATES DATA IS MISSING.
T  INDICATES TRACE AMOUNT.




$$

&&
...........................................................

TULSA RECORD LOW MAX AND HIGH MIN TEMPERATURES FOR TOMORROW
                      RECORD        YEAR
  LOW MAXIMUM           57          1998
  HIGH MINIMUM          70          1989
...........................................................
ALL DATA MEASURED AT THE TULSA INTERNATIONAL AIRPORT...
EXCEPT SNOWFALL...WHICH IS MEASURED AT THE NWS OFFICE.
