000
CDUS44 KMEG 242208
CLITUP


CLIMATE REPORT
NATIONAL WEATHER SERVICE MEMPHIS TN
508 PM CDT TUE APR 24 2018


...................................

...THE TUPELO CLIMATE SUMMARY FOR APRIL 24 2018...
VALID TODAY AS OF 0500 PM LOCAL TIME.

CLIMATE NORMAL PERIOD 1981 TO 2010
CLIMATE RECORD PERIOD 1930 TO 2018


WEATHER ITEM   OBSERVED TIME   RECORD YEAR NORMAL DEPARTURE LAST
                VALUE   (LST)  VALUE       VALUE  FROM      YEAR
                                                  NORMAL
..................................................................
TEMPERATURE (F)
 TODAY
  MAXIMUM         69    348 PM  90    1965  76     -7       66
  MINIMUM         56    636 AM  33    1982  53      3       52
  AVERAGE         63                        64     -1       59

PRECIPITATION (IN)
  TODAY            T             2.79 1999   0.16  -0.16     0.00
  MONTH TO DATE    6.25                      3.73   2.52     4.65
  SINCE MAR 1     10.14                      8.55   1.59     8.76
  SINCE JAN 1     26.49                     17.99   8.50    17.23

SNOWFALL (IN)
  TODAY            0.0

DEGREE DAYS
 HEATING
  TODAY            2                         3     -1        6
  MONTH TO DATE  203                       131     72       48
  SINCE MAR 1    548                       486     62      338
  SINCE JUL 1   2872                      2917    -45     1956

 COOLING
  TODAY            0                         3     -3        0
  MONTH TO DATE   10                        41    -31       81
  SINCE MAR 1     20                        55    -35      115
  SINCE JAN 1     40                        57    -17      127
..................................................................


WIND (MPH)
  HIGHEST WIND SPEED    13   HIGHEST WIND DIRECTION    NW (330)
  HIGHEST GUST SPEED    17   HIGHEST GUST DIRECTION    NW (320)
  AVERAGE WIND SPEED     6.1


SKY COVER
  POSSIBLE SUNSHINE  MM
  AVERAGE SKY COVER 1.0


WEATHER CONDITIONS
 THE FOLLOWING WEATHER WAS RECORDED TODAY.
  FOG


RELATIVE HUMIDITY (PERCENT)
 HIGHEST    93           600 AM
 LOWEST     58           100 PM
 AVERAGE    76

..........................................................


THE TUPELO CLIMATE NORMALS FOR TOMORROW
                         NORMAL    RECORD    YEAR
 MAXIMUM TEMPERATURE (F)   77        88      1958
 MINIMUM TEMPERATURE (F)   53        32      1983


SUNRISE AND SUNSET
APRIL 24 2018.........SUNRISE   613 AM CDT   SUNSET   734 PM CDT
APRIL 25 2018.........SUNRISE   612 AM CDT   SUNSET   735 PM CDT


-  INDICATES NEGATIVE NUMBERS.
R  INDICATES RECORD WAS SET OR TIED.
MM INDICATES DATA IS MISSING.
T  INDICATES TRACE AMOUNT.




$$
