000
CDUS43 KAPX 220526
CLITVC


CLIMATE REPORT
NATIONAL WEATHER SERVICE GAYLORD MI
126 AM EDT TUE MAY 22 2018


...................................

...THE TRAVERSE CITY MI CLIMATE SUMMARY FOR MAY 21 2018...

CLIMATE NORMAL PERIOD 1981 TO 2010
CLIMATE RECORD PERIOD 1896 TO 2018


WEATHER ITEM   OBSERVED TIME   RECORD YEAR NORMAL DEPARTURE LAST
                VALUE   (LST)  VALUE       VALUE  FROM      YEAR
                                                  NORMAL
..................................................................
TEMPERATURE (F)
 YESTERDAY
  MAXIMUM         70    152 PM  93    1975  68      2       73
  MINIMUM         37    507 AM  26    1969  43     -6       51
  AVERAGE         54                        55     -1       62

PRECIPITATION (IN)
  YESTERDAY        0.03          0.55 1975   0.08  -0.05      T
  MONTH TO DATE    2.25                      1.75   0.50     0.82
  SINCE MAR 1      6.26                      6.39  -0.13     5.26
  SINCE JAN 1      8.67                     10.71  -2.04     8.59

DEGREE DAYS
 HEATING
  YESTERDAY       11                        10      1        3
  MONTH TO DATE  199                       282    -83      297
  SINCE MAR 1   2155                      2009    146     1831
  SINCE JUL 1   7058                      7349   -291     6004

 COOLING
  YESTERDAY        0                         1     -1        0
  MONTH TO DATE   12                         4      8       18
  SINCE MAR 1     12                         7      5       21
  SINCE JAN 1     12                         7      5       21
..................................................................


WIND (MPH)
  HIGHEST WIND SPEED    12   HIGHEST WIND DIRECTION    SE (140)
  HIGHEST GUST SPEED    17   HIGHEST GUST DIRECTION     S (160)
  AVERAGE WIND SPEED     3.1




RELATIVE HUMIDITY (PERCENT)
 HIGHEST    92
 LOWEST     33
 AVERAGE    63

..........................................................


THE TRAVERSE CITY MI CLIMATE NORMALS FOR TODAY
                         NORMAL    RECORD    YEAR
 MAXIMUM TEMPERATURE (F)   68        89      1992
 MINIMUM TEMPERATURE (F)   43        25      1967


SUNRISE AND SUNSET
MAY 22 2018...........SUNRISE   607 AM EDT   SUNSET   912 PM EDT
MAY 23 2018...........SUNRISE   606 AM EDT   SUNSET   913 PM EDT


-  INDICATES NEGATIVE NUMBERS.
R  INDICATES RECORD WAS SET OR TIED.
MM INDICATES DATA IS MISSING.
T  INDICATES TRACE AMOUNT.




$$
