000
CDUS44 KMRX 260820
CLITYS


CLIMATE REPORT
NATIONAL WEATHER SERVICE MORRISTOWN TN
420 AM EDT THU APR 26 2018


...................................

...THE KNOXVILLE    ASOS CLIMATE SUMMARY FOR APRIL 25 2018...

CLIMATE NORMAL PERIOD 1981 TO 2010
CLIMATE RECORD PERIOD 1871 TO 2018


WEATHER ITEM   OBSERVED TIME   RECORD YEAR NORMAL DEPARTURE LAST
                VALUE   (LST)  VALUE       VALUE  FROM      YEAR
                                                  NORMAL
..................................................................
TEMPERATURE (F)
 YESTERDAY
  MAXIMUM         65   1242 PM  89    1960  73     -8       72
  MINIMUM         54    203 AM  33    1910  50      4       52
  AVERAGE         60                        62     -2       62

PRECIPITATION (IN)
  YESTERDAY        0.02          2.64 1932   0.14  -0.12     0.00
  MONTH TO DATE    4.05                      3.32   0.73     6.92
  SINCE MAR 1      9.19                      7.66   1.53    12.65
  SINCE JAN 1     19.01                     16.24   2.77    18.59

SNOWFALL (IN)
  YESTERDAY        0.0                       0.0    0.0      0.0
  MONTH TO DATE    T                         0.5   -0.5      0.0
  SINCE MAR 1      T                         1.4   -1.4       T
  SINCE JUL 1      2.6                       6.5   -3.9      2.3
  SNOW DEPTH       0

DEGREE DAYS
 HEATING
  YESTERDAY        5                         5      0        3
  MONTH TO DATE  250                       197     53       81
  SINCE MAR 1    755                       658     97      480
  SINCE JUL 1   3488                      3554    -66     2539

 COOLING
  YESTERDAY        0                         1     -1        0
  MONTH TO DATE   12                        23    -11       59
  SINCE MAR 1     16                        28    -12       62
  SINCE JAN 1     34                        28      6       62
..................................................................


WIND (MPH)
  HIGHEST WIND SPEED    14   HIGHEST WIND DIRECTION     W (280)
  HIGHEST GUST SPEED    18   HIGHEST GUST DIRECTION     W (280)
  AVERAGE WIND SPEED     5.4


SKY COVER
  POSSIBLE SUNSHINE  MM
  AVERAGE SKY COVER 1.0


WEATHER CONDITIONS
 THE FOLLOWING WEATHER WAS RECORDED YESTERDAY.
  LIGHT RAIN
  FOG


RELATIVE HUMIDITY (PERCENT)
 HIGHEST   100           200 AM
 LOWEST     67          1200 PM
 AVERAGE    84

..........................................................


THE KNOXVILLE    ASOS CLIMATE NORMALS FOR TODAY
                         NORMAL    RECORD    YEAR
 MAXIMUM TEMPERATURE (F)   73        89      1986
 MINIMUM TEMPERATURE (F)   50        34      1873


SUNRISE AND SUNSET
APRIL 26 2018.........SUNRISE   649 AM EDT   SUNSET   819 PM EDT
APRIL 27 2018.........SUNRISE   648 AM EDT   SUNSET   819 PM EDT


-  INDICATES NEGATIVE NUMBERS.
R  INDICATES RECORD WAS SET OR TIED.
MM INDICATES DATA IS MISSING.
T  INDICATES TRACE AMOUNT.




$$
